{"id":2957,"date":"2025-08-27T13:33:59","date_gmt":"2025-08-27T11:33:59","guid":{"rendered":"https:\/\/wanicki.pl\/agro\/?page_id=2957"},"modified":"2025-10-29T13:43:18","modified_gmt":"2025-10-29T12:43:18","slug":"nowa-dotacja-dla-rolnikow","status":"publish","type":"page","link":"https:\/\/wanicki.pl\/agro\/nowa-dotacja-dla-rolnikow\/","title":{"rendered":"Nowa dotacja dla rolnik\u00f3w!"},"content":{"rendered":"<div class=\"wp-block-wanicki-hero-header hero-header\">\n    <div class=\"hero-header__image hero-header__image--desktop\"\n          style=\"background-image: url(https:\/\/wanicki.pl\/agro\/wp-content\/uploads\/sites\/16\/2025\/08\/r4k031625_rrd-scaled.webp)\" ><\/div>\n    <div class=\"hero-header__image hero-header__image--mobile\"\n          style=\"background-image: url(https:\/\/wanicki.pl\/agro\/wp-content\/uploads\/sites\/16\/2025\/08\/r4k031625_rrd-scaled.webp)\"\n         >\n    <\/div>\n    <div class=\"hero-header__container container\">\n        <h1 class=\"hero-header__title\">Nowa Dotacja dla Rolnik\u00f3w \u2013 <br><strong>Zwi\u0119ksz konkurencyjno\u015b\u0107 swojego gospodarstwa!<\/strong><\/h1>\n                    <div class=\"hero-header__subtitle\"><p>Nie przegap szansy na dofinansowanie nawet <strong>do 300 000 z\u0142!<\/strong><\/p>\n<p>&nbsp;<\/p>\n<p>&nbsp;<\/p>\n<p>\ud83d\udcc5Nab\u00f3r wniosk\u00f3w:<strong> 20 listopada 2025 \u2013 19 grudnia 2025 <\/strong><\/p>\n<p>&nbsp;<\/p>\n<\/div>\n                            <a href=\"#formularz\"\n               class=\"btn \"\n                           >WYPE\u0141NIAM FORMULARZ<\/a>\n            <\/div>\n<\/div>\n\n\n<div class=\"wp-block-wanicki-image-with-text image-with-text  image-with-text--reversed \">\n\n    <div class=\"image-with-text__image\">\n                    <div class=\"image-with-text__image-photo\"\n                 style=\"background-image: url(https:\/\/wanicki.pl\/agro\/wp-content\/uploads\/sites\/16\/2025\/08\/R3FS1060-scaled.webp)\"><\/div>\n            <\/div>\n\n    <div class=\"image-with-text__info  image-with-text__info--reversed   image-with-text__info--white \">\n                    <div class=\"image-with-text__info-title-wrapper\">\n                <h2 class=\"image-with-text__info-title image-with-text__info-title--big\">Co to za dotacja?<\/h2>\n                                    <\/div>\n                            <div class=\"image-with-text__info-text\">\n                <p>To wsparcie w ramach poddzia\u0142ania I.10.1.1 \u2013 Inwestycje w gospodarstwach rolnych zwi\u0119kszaj\u0105ce konkurencyjno\u015b\u0107 (obszar D).<\/p>\n<p>&nbsp;<\/p>\n<p>Dotacja umo\u017cliwia zakup maszyn do zbioru, kt\u00f3re pozwol\u0105:<\/p>\n<ul>\n<li>poprawi\u0107 jako\u015b\u0107 produkcji,<\/li>\n<li>unowocze\u015bni\u0107 gospodarstwo,<\/li>\n<li>zwi\u0119kszy\u0107 wydajno\u015b\u0107 i zyski.<\/li>\n<\/ul>\n<p>\u26a0\ufe0f <strong>Pami\u0119taj \u2013 wsparcie nie obejmuje maszyn przeznaczonych wy\u0142\u0105cznie do transportu.<\/strong><\/p>\n<p>&nbsp;<\/p>\n<p><strong>Dla kogo jest ta dotacja?<\/strong><\/p>\n<p>Dla grupy <strong>minimum 3 rolnik\u00f3w (osoby fizyczne). <\/strong>Ka\u017cdy rolnik musi spe\u0142nia\u0107 warunki:<\/p>\n<ul>\n<li>powierzchnia gospodarstwa: poni\u017cej 300 ha,<\/li>\n<li>wielko\u015b\u0107 ekonomiczna (WEG): od 25 000 \u20ac do 250 000 \u20ac,<\/li>\n<li>przych\u00f3d ze sprzeda\u017cy produkt\u00f3w rolnych: min. 75 000 z\u0142 w ostatnich 12 miesi\u0105cach (udokumentowany).<\/li>\n<\/ul>\n\n            <\/div>\n                        \n    <\/div>\n\n<\/div>\n\n\n<div class=\"wp-block-wanicki-image-with-text image-with-text \">\n\n    <div class=\"image-with-text__image\">\n                    <div class=\"image-with-text__image-photo\"\n                 style=\"background-image: url(https:\/\/wanicki.pl\/agro\/wp-content\/uploads\/sites\/16\/2025\/08\/pexels-todd-trapani-488382-1382102-scaled.jpg)\"><\/div>\n            <\/div>\n\n    <div class=\"image-with-text__info   image-with-text__info--white \">\n                    <div class=\"image-with-text__info-title-wrapper\">\n                <h2 class=\"image-with-text__info-title image-with-text__info-title--big\">Na jakich warunkach?<\/h2>\n                                    <\/div>\n                            <div class=\"image-with-text__info-text\">\n                <p>Maksymalna kwota dotacji: <strong>300 000 z\u0142 na beneficjenta!\ud83d\udcb5\u00a0<\/strong><\/p>\n<p><strong>Nawet 900 tys z\u0142 na grup\u0119 3 rolnik\u00f3w!<\/strong><\/p>\n<p>&nbsp;<\/p>\n<p>Poziom dofinansowania:<\/p>\n<ul>\n<li>do 65% koszt\u00f3w \u2013 rolnicy do 40 roku \u017cycia,<\/li>\n<li>do 45% koszt\u00f3w \u2013 rolnicy powy\u017cej 40 roku \u017cycia.<\/li>\n<\/ul>\n<p>Wsparcie wyp\u0142acane jest po realizacji inwestycji.<\/p>\n<p>Limity w r\u00f3\u017cnych obszarach (A, B, C, D) nie \u0142\u0105cz\u0105 si\u0119.<\/p>\n<p>&nbsp;<\/p>\n<p>\ud83d\udccc Czas realizacji inwestycji: <strong data-start=\"2591\" data-end=\"2635\">do 24 miesi\u0119cy od dnia przyznania pomocy<\/strong><\/p>\n\n            <\/div>\n                        \n    <\/div>\n\n<\/div>\n\n\n<div class=\"wp-block-wanicki-image-with-text image-with-text  image-with-text--reversed \">\n\n    <div class=\"image-with-text__image\">\n                    <div class=\"image-with-text__image-photo\"\n                 style=\"background-image: url(https:\/\/wanicki.pl\/agro\/wp-content\/uploads\/sites\/16\/2025\/03\/Zdjecie-WhatsApp-2025-03-19-o-14.47.56_c359d612.jpg)\"><\/div>\n            <\/div>\n\n    <div class=\"image-with-text__info  image-with-text__info--reversed   image-with-text__info--white \">\n                    <div class=\"image-with-text__info-title-wrapper\">\n                <h2 class=\"image-with-text__info-title image-with-text__info-title--big\">jak zwi\u0119kszy\u0107 swoje szanse?<\/h2>\n                                    <\/div>\n                            <div class=\"image-with-text__info-text\">\n                <p>Punkty przyznawane s\u0105 m.in. za:<\/p>\n<ul>\n<li>inwestycje poprawiaj\u0105ce jako\u015b\u0107 produkcji \u2013 3 pkt,<\/li>\n<li>zastosowanie innowacji lub technologii cyfrowych \u2013 3 pkt,<\/li>\n<li>udzia\u0142 w systemach jako\u015bci (np. rolnictwo ekologiczne) \u2013 do 5 pkt,<\/li>\n<li>wsp\u00f3\u0142praca rolnik\u00f3w \u2013 2 pkt.<\/li>\n<li>aby otrzyma\u0107 wsparcie, projekt musi uzyska\u0107 minimum 4 punkty.<\/li>\n<\/ul>\n\n            <\/div>\n                        \n    <\/div>\n\n<\/div>\n\n\n<div class=\"wp-block-wanicki-image-with-text image-with-text \">\n\n    <div class=\"image-with-text__image\">\n                    <div class=\"image-with-text__image-photo\"\n                 style=\"background-image: url(https:\/\/wanicki.pl\/agro\/wp-content\/uploads\/sites\/16\/2025\/06\/R3FS0811-scaled.jpg)\"><\/div>\n            <\/div>\n\n    <div class=\"image-with-text__info   image-with-text__info--white \">\n                    <div class=\"image-with-text__info-title-wrapper\">\n                <h2 class=\"image-with-text__info-title image-with-text__info-title--big\">Jaki sprz\u0119t mo\u017cesz kupi\u0107?<\/h2>\n                                    <\/div>\n                            <div class=\"image-with-text__info-text\">\n                <ul>\n<li>\u00a0Nowoczesne maszyny do zbioru \u2013 samojezdne lub przyczepiane.<\/li>\n<li>Sprz\u0119t, kt\u00f3ry pozwoli Ci zwi\u0119kszy\u0107 efektywno\u015b\u0107 i warto\u015b\u0107 dodan\u0105 w gospodarstwie.<\/li>\n<\/ul>\n<p><span style=\"color: #333333; font-size: 16px;\">\ud83d\udeab <strong>Nie s\u0105 finansowane maszyny wy\u0142\u0105cznie transportowe.<\/strong><\/span><\/p>\n\n            <\/div>\n                            <a href=\"https:\/\/wanicki.pl\/johndeere\/\" class=\"btn btn--primary image-with-text__button \"\n               >ZOBACZ OFERT\u0118 MASZYN<\/a>\n                \n    <\/div>\n\n<\/div>\n\n\n<div class=\"wp-block-wanicki-image-with-text image-with-text  image-with-text--reversed \">\n\n    <div class=\"image-with-text__image\">\n                    <div class=\"image-with-text__image-photo\"\n                 style=\"background-image: url(https:\/\/wanicki.pl\/agro\/wp-content\/uploads\/sites\/16\/2024\/09\/dotacje-2-scaled-e1727433837282.jpg)\"><\/div>\n            <\/div>\n\n    <div class=\"image-with-text__info  image-with-text__info--reversed   image-with-text__info--white \">\n                    <div class=\"image-with-text__info-title-wrapper\">\n                <h2 class=\"image-with-text__info-title image-with-text__info-title--big\">POTRZEBUJESZ POMOCY W NAPISANIU WNIOSKU?<\/h2>\n                                    <\/div>\n                            <div class=\"image-with-text__info-text\">\n                <p>Chcia\u0142by\u015b skorzysta\u0107 z dotacji, ale nie wiesz od czego zacz\u0105\u0107?<\/p>\n<p>Mamy idealne rozwi\u0105zanie dla Ciebie!<\/p>\n<p>Oferujemy <span style=\"font-size: 18pt;\"><strong>BEZP\u0141ATN\u0104 POMOC <\/strong><\/span>naszego specjalisty ds. dotacji!<\/p>\n<ul>\n<li>Przygotujemy dla Ciebie wniosek, spe\u0142niaj\u0105c wszystkie wymogi programu.<\/li>\n<li>B\u0119dziemy Ci\u0119 wspiera\u0107 na ka\u017cdym etapie \u2013 od weryfikacji wniosku po jego rozliczenie.<\/li>\n<li>Dopasujemy si\u0119 do Twoich potrzeb \u2013 spotkania mog\u0105 odbywa\u0107 si\u0119 online lub tradycyjnie.<\/li>\n<li>Podpowiemy, jakie dokumenty s\u0105 potrzebne i jak je poprawnie wype\u0142ni\u0107.<\/li>\n<li>Po zako\u0144czeniu inwestycji pomo\u017cemy Ci rozliczy\u0107 dotacj\u0119 zgodnie z wymogami programu.<\/li>\n<\/ul>\n<p>Jeste\u015b zainteresowany? Nie czekaj!<\/p>\n\n            <\/div>\n                            <a href=\"tel:538130261\" class=\"btn btn--primary image-with-text__button \"\n               >ZADZWO\u0143 DO NAS<\/a>\n                            <div class=\"image-with-text__extra-links\">\n                                                                <\/div>\n        \n    <\/div>\n\n<\/div>\n\n\n<div class=\"wp-block-wanicki-cta-banner cta-banner\">\n    <div class=\"container\">\n        <div class=\"cta-banner__container\">\n            <div class=\"cta-banner__image\"\n                             ><\/div>\n            <h2 class=\"cta-banner__title\">Zwi\u0119ksz konkurencyjno\u015b\u0107 swojego gospodarstwa! Sprawd\u017a szczeg\u00f3\u0142y i z\u0142\u00f3\u017c wniosek ju\u017c dzi\u015b!<\/h2>\n                                    <div class=\"cta-banner__buttons\">\n                                            <a\n                            href=\"https:\/\/wanicki.pl\/agro\/uslugi\/maszyny-rolnicze\/\"\n                            class=\"btn cta-banner__button \"\n                                                        target=\"_blank\"\n                        >\n                            OFERTA\n                        <\/a>\n                                                        <\/div>\n                    <\/div>\n    <\/div>\n<\/div>\n\n\n<div class=\"wp-block-wanicki-job-form job-form__container\" id=\"formularz\">\n    <div class=\"container job-form\">\n        <div class=\"job-form__info\">\n            <h2 class=\"job-form__info-title\">Jeste\u015b zainteresowany\/a nasz\u0105 ofert\u0105?<\/h2>\n                    <p class=\"job-form__info-text\">\n                Wype\u0142nij poni\u017cszy formularz kontaktowy, a nasi specjali\u015bci skontaktuj\u0105 si\u0119 z Tob\u0105 tak szybko jak to mo\u017cliwe. Wsp\u00f3lnie dobierzemy rozwi\u0105zania i maszyny idealne dla Twojego gospodarstwa oraz pomo\u017cemy Ci przej\u015b\u0107 przez ca\u0142y proces sk\u0142adania wniosku o dotacj\u0119.\n            <\/p>\n        <\/div>\n        <div class=\"job-form__form\">\n            \n<div class=\"wpcf7 no-js\" id=\"wpcf7-f2959-o1\" lang=\"pl-PL\" dir=\"ltr\" data-wpcf7-id=\"2959\">\n<div class=\"screen-reader-response\"><p role=\"status\" aria-live=\"polite\" aria-atomic=\"true\"><\/p> <ul><\/ul><\/div>\n<form action=\"\/agro\/wp-json\/wp\/v2\/pages\/2957#wpcf7-f2959-o1\" method=\"post\" class=\"wpcf7-form init\" aria-label=\"Formularz kontaktowy\" novalidate=\"novalidate\" data-status=\"init\">\n<fieldset class=\"hidden-fields-container\"><input type=\"hidden\" name=\"_wpcf7\" value=\"2959\" \/><input type=\"hidden\" name=\"_wpcf7_version\" value=\"6.1.5\" \/><input type=\"hidden\" name=\"_wpcf7_locale\" value=\"pl_PL\" \/><input type=\"hidden\" name=\"_wpcf7_unit_tag\" value=\"wpcf7-f2959-o1\" \/><input type=\"hidden\" name=\"_wpcf7_container_post\" value=\"0\" \/><input type=\"hidden\" name=\"_wpcf7_posted_data_hash\" value=\"\" \/><input type=\"hidden\" name=\"_wpcf7_recaptcha_response\" value=\"\" \/>\n<\/fieldset>\n<div class=\"form-columns\">\n\t<p><label><span class=\"form-label\">Imi\u0119*<\/span><span class=\"wpcf7-form-control-wrap\" data-name=\"your-name\"><input size=\"40\" maxlength=\"400\" class=\"wpcf7-form-control wpcf7-text wpcf7-validates-as-required\" aria-required=\"true\" aria-invalid=\"false\" value=\"\" type=\"text\" name=\"your-name\" \/><\/span><\/label><br \/>\n<label><span class=\"form-label\">Nazwisko*<\/span><span class=\"wpcf7-form-control-wrap\" data-name=\"your-surname\"><input size=\"40\" maxlength=\"400\" class=\"wpcf7-form-control wpcf7-text wpcf7-validates-as-required\" aria-required=\"true\" aria-invalid=\"false\" value=\"\" type=\"text\" name=\"your-surname\" \/><\/span><\/label>\n\t<\/p>\n<\/div>\n<div class=\"form-columns\">\n\t<p><label><span class=\"form-label\">Email*<\/span><span class=\"wpcf7-form-control-wrap\" data-name=\"your-email\"><input size=\"40\" maxlength=\"400\" class=\"wpcf7-form-control wpcf7-email wpcf7-validates-as-required wpcf7-text wpcf7-validates-as-email\" aria-required=\"true\" aria-invalid=\"false\" value=\"\" type=\"email\" name=\"your-email\" \/><\/span><\/label><br \/>\n<label><span class=\"form-label\">Numer telefonu*<\/span><span class=\"wpcf7-form-control-wrap\" data-name=\"your-phone\"><input size=\"40\" maxlength=\"400\" class=\"wpcf7-form-control wpcf7-tel wpcf7-validates-as-required wpcf7-text wpcf7-validates-as-tel\" aria-required=\"true\" aria-invalid=\"false\" value=\"\" type=\"tel\" name=\"your-phone\" \/><\/span><\/label>\n\t<\/p>\n<\/div>\n<p><label><span class=\"form-label\">Kod pocztowy*<\/span><span class=\"wpcf7-form-control-wrap\" data-name=\"your-postcode\"><input size=\"40\" maxlength=\"400\" class=\"wpcf7-form-control wpcf7-text wpcf7-validates-as-required\" aria-required=\"true\" aria-invalid=\"false\" value=\"\" type=\"text\" name=\"your-postcode\" \/><\/span><\/label><br \/>\n<br \/>\n<\/p>\n<div class=\"checkbox-input\" style=\"font-size: 0.75em\">\n\t<p><span class=\"wpcf7-form-control-wrap\" data-name=\"your-acceptance\"><span class=\"wpcf7-form-control wpcf7-acceptance\"><span class=\"wpcf7-list-item\"><input type=\"checkbox\" name=\"your-acceptance\" value=\"1\" aria-invalid=\"false\" \/><\/span><\/span><\/span>\n\t<\/p>\n\t<div>\n\t\t<p>*O\u015bwiadczam, \u017ce zapozna\u0142em si\u0119 z <a href='\/polityka-prywatnosci\/' target=\"_blank\">Polityk\u0105 prywatno\u015bci oraz Regulaminem \u015bwiadczenia us\u0142ug drog\u0105 elektroniczn\u0105<\/a> i akceptuj\u0119 ich tre\u015b\u0107.\n\t\t<\/p>\n\t<\/div>\n<\/div>\n<div class=\"checkbox-input\" style=\"font-size: 0.75em\">\n\t<p><span class=\"wpcf7-form-control-wrap\" data-name=\"your-acceptance-info\"><span class=\"wpcf7-form-control wpcf7-acceptance optional\"><span class=\"wpcf7-list-item\"><input type=\"checkbox\" name=\"your-acceptance-info\" value=\"1\" aria-invalid=\"false\" \/><\/span><\/span><\/span>\n\t<\/p>\n\t<div>\n\t\t<p>Wyra\u017cam zgod\u0119 na przesy\u0142anie informacji handlowej skierowanej za pomoc\u0105 \u015brodk\u00f3w komunikacji elektronicznej oraz na u\u017cywanie telekomunikacyjnych urz\u0105dze\u0144 ko\u0144cowych i automatycznych system\u00f3w wywo\u0142uj\u0105cych dla cel\u00f3w marketingu bezpo\u015bredniego przez Grup\u0119 Wanicki*\n\t\t<\/p>\n\t<\/div>\n<\/div>\n<div style=\"font-size: 0.75em\">\n\t<p>Zgoda obejmuje kontakt za po\u015brednictwem:\n\t<\/p>\n<\/div>\n<div class=\"checkbox-input\" style=\"font-size: 0.75em\">\n\t<p>        <span class=\"wpcf7-form-control-wrap\" data-name=\"checkall-69dd19ec1ee3d\">\r\n            <span class=\"wpcf7-form-control wpcf7-acceptance optional\">\r\n                <span class=\"wpcf7-list-item\">\r\n                    <input type=\"checkbox\" name=\"checkall-69dd19ec1ee3d\" aria-invalid=\"false\" id=\"checkall-69dd19ec1ee3d\" \/>\r\n                <\/span>\r\n            <\/span>\r\n        <\/span>\r\n        <div>\r\n            <p>\r\n                <br \/>\nZaznacz wszystkie pola            <\/p>\r\n        <\/div>\r\n    \n\t<\/p>\n<\/div>\n<div class=\"checkbox-input\" style=\"font-size: 0.75em\">\n\t<p><span class=\"wpcf7-form-control-wrap\" data-name=\"your-acceptance-email\"><span class=\"wpcf7-form-control wpcf7-acceptance optional\"><span class=\"wpcf7-list-item\"><input type=\"checkbox\" name=\"your-acceptance-email\" value=\"1\" aria-invalid=\"false\" \/><\/span><\/span><\/span>\n\t<\/p>\n\t<div>\n\t\t<p>E-mail\n\t\t<\/p>\n\t<\/div>\n<\/div>\n<div class=\"checkbox-input\" style=\"font-size: 0.75em\">\n\t<p><span class=\"wpcf7-form-control-wrap\" data-name=\"your-acceptance-sms\"><span class=\"wpcf7-form-control wpcf7-acceptance optional\"><span class=\"wpcf7-list-item\"><input type=\"checkbox\" name=\"your-acceptance-sms\" value=\"1\" aria-invalid=\"false\" \/><\/span><\/span><\/span>\n\t<\/p>\n\t<div>\n\t\t<p>SMS\n\t\t<\/p>\n\t<\/div>\n<\/div>\n<div class=\"checkbox-input\" style=\"font-size: 0.75em\">\n\t<p><span class=\"wpcf7-form-control-wrap\" data-name=\"your-acceptance-tel\"><span class=\"wpcf7-form-control wpcf7-acceptance optional\"><span class=\"wpcf7-list-item\"><input type=\"checkbox\" name=\"your-acceptance-tel\" value=\"1\" aria-invalid=\"false\" \/><\/span><\/span><\/span>\n\t<\/p>\n\t<div>\n\t\t<p>Kontakt telefoniczny\n\t\t<\/p>\n\t<\/div>\n<\/div>\n<div style=\"font-size: 0.75em\">\n\t<p>*przez Grup\u0119 Wanicki rozumie si\u0119 nast\u0119puj\u0105ce sp\u00f3\u0142ki: Firma Wanicki sp. z o.o. z siedzib\u0105 w Mogilanach, ul. My\u015blenicka 19, 32-031 Mogilany, KRS: 0000214618; Wanicki Serwis sp. z o.o. z siedzib\u0105 w Mogilanach, ul. My\u015blenicka 19, 32.-031 Mogilany, KRS: 0000225703, MW Wanicki sp. z o.o. z siedzib\u0105 w Mogilanach, ul. My\u015blenicka 19, 32.-031 Mogilany, KRS: 0000290954; BW Wanicki sp. z o.o. z siedzib\u0105 w Mogilanach, ul. My\u015blenicka 19, 32.-031 Mogilany, KRS: 0000277732; SW Wanicki sp. z o.o. z siedzib\u0105 w Mogilanach, ul. My\u015blenicka 19, 32.-031 Mogilany, KRS: 0000318232; Nedpol Truck Service sp. z o.o. z siedzib\u0105 w Romanowie, Roman\u00f3w 10b, 42-260 Roman\u00f3w, KRS: 0000062292; WW Wanicki sp. z o.o. z siedzib\u0105 w Trzcianie, Trzciana 162, 36-071 Trzciana, KRS: 0000214811; PT Wanicki sp. z o.o. z siedzib\u0105 w Mogilanach, ul. My\u015blenicka 19, 32.-031 Mogilany, KRS: 0001069064; Wanicki Rental sp. z o.o. z siedzib\u0105 w Mogilanach, ul. My\u015blenicka 19, 32.-031 Mogilany, KRS: 0000997992.\n\t<\/p>\n<\/div>\n<p><input class=\"wpcf7-form-control wpcf7-submit has-spinner\" type=\"submit\" value=\"Wy\u015blij wiadomo\u015b\u0107\" \/>\n<\/p><div class=\"wpcf7-response-output\" aria-hidden=\"true\"><\/div>\n<\/form>\n<\/div>\n        <\/div>\n    <\/div>\n<\/div>\n","protected":false},"excerpt":{"rendered":"","protected":false},"author":2,"featured_media":2960,"parent":0,"menu_order":0,"comment_status":"closed","ping_status":"closed","template":"","meta":{"_acf_changed":false,"_seopress_robots_primary_cat":"","_seopress_titles_title":"Nowa dotacja dla rolnik\u00f3w! Zwi\u0119ksz konkurencyjno\u015b\u0107 swojego gospodarstwa z Wanicki","_seopress_titles_desc":"Skorzystaj z programu dotacyjnego \"Zwi\u0119ksz konkurencyjno\u015b\u0107 swojego gospodarstwa\u201d i wyposa\u017c swoje gospodarstwo w nowoczesne maszyny \u2013 na \u015bwietnych warunkach!","_seopress_robots_index":"","inline_featured_image":false,"footnotes":""},"class_list":["post-2957","page","type-page","status-publish","has-post-thumbnail","hentry"],"acf":[],"_links":{"self":[{"href":"https:\/\/wanicki.pl\/agro\/wp-json\/wp\/v2\/pages\/2957","targetHints":{"allow":["GET"]}}],"collection":[{"href":"https:\/\/wanicki.pl\/agro\/wp-json\/wp\/v2\/pages"}],"about":[{"href":"https:\/\/wanicki.pl\/agro\/wp-json\/wp\/v2\/types\/page"}],"author":[{"embeddable":true,"href":"https:\/\/wanicki.pl\/agro\/wp-json\/wp\/v2\/users\/2"}],"replies":[{"embeddable":true,"href":"https:\/\/wanicki.pl\/agro\/wp-json\/wp\/v2\/comments?post=2957"}],"version-history":[{"count":5,"href":"https:\/\/wanicki.pl\/agro\/wp-json\/wp\/v2\/pages\/2957\/revisions"}],"predecessor-version":[{"id":3158,"href":"https:\/\/wanicki.pl\/agro\/wp-json\/wp\/v2\/pages\/2957\/revisions\/3158"}],"wp:featuredmedia":[{"embeddable":true,"href":"https:\/\/wanicki.pl\/agro\/wp-json\/wp\/v2\/media\/2960"}],"wp:attachment":[{"href":"https:\/\/wanicki.pl\/agro\/wp-json\/wp\/v2\/media?parent=2957"}],"curies":[{"name":"wp","href":"https:\/\/api.w.org\/{rel}","templated":true}]}}