{"id":162,"date":"2024-04-12T16:46:14","date_gmt":"2024-04-12T14:46:14","guid":{"rendered":"https:\/\/wanicki.pl\/daf\/?page_id=162"},"modified":"2025-01-20T13:02:42","modified_gmt":"2025-01-20T12:02:42","slug":"paccar-connect","status":"publish","type":"page","link":"https:\/\/wanicki.pl\/daf\/paccar-connect\/","title":{"rendered":"Paccar Connect"},"content":{"rendered":"<div class=\"wp-block-wanicki-page-hero-header page-hero-header\">\n    <div class=\"page-hero-header__image page-hero-header__image--desktop\"\n          style=\"background-image: url(https:\/\/wanicki.pl\/daf\/wp-content\/uploads\/sites\/3\/2024\/05\/PACCAR-Connect-Data-Integration-3840-x-866.jpg)\" ><\/div>\n    <div class=\"page-hero-header__image page-hero-header__image--mobile\"\n          style=\"background-image: url(https:\/\/wanicki.pl\/daf\/wp-content\/uploads\/sites\/3\/2024\/05\/PACCAR-Connect-Data-Integration-3840-x-866.jpg)\"\n            >\n    <\/div>\n    <div class=\"page-hero-header__container container\">\n        <h1 class=\"page-hero-header__title\"><strong>PACCAR CONNECT<\/strong><\/h1>\n                    <div class=\"page-hero-header__subtitle\"><p>Paccar Connect oferuje kompleksow\u0105 platform\u0119 umo\u017cliwiaj\u0105c\u0105 ci\u0105g\u0142e monitorowanie wydajno\u015bci floty w dowolnym miejscu i czasie.<\/p>\n<\/div>\n                    <\/div>\n<\/div>\n\n\n<div class=\"wp-block-wanicki-image-with-text image-with-text  image-with-text--reversed \">\n\n    <div class=\"image-with-text__image\">\n                    <div class=\"image-with-text__image-photo\"\n                 style=\"background-image: url(https:\/\/wanicki.pl\/daf\/wp-content\/uploads\/sites\/3\/2024\/05\/STS3595_Easy-Resize.com_.jpg)\"><\/div>\n            <\/div>\n\n    <div class=\"image-with-text__info  image-with-text__info--reversed  \">\n                    <div class=\"image-with-text__info-title-wrapper\">\n                <h2 class=\"image-with-text__info-title image-with-text__info-title--big\">POZNAJ NASZ\u0104 PLATFORM\u0118!<\/h2>\n                                    <\/div>\n                            <div class=\"image-with-text__info-text\">\n                <p>Ta inteligentna i \u0142atwa w obs\u0142udze platforma pozwala utrzyma\u0107 pe\u0142n\u0105 kontrol\u0119 nad procesami logistycznymi, co przek\u0142ada si\u0119 na zwi\u0119kszon\u0105 wydajno\u015b\u0107 ludzi i pojazd\u00f3w.<\/p>\n<p>Dzi\u0119ki Paccar Connect otrzymujesz aktualne informacje na temat kierowc\u00f3w, pojazd\u00f3w oraz proces\u00f3w logistycznych. Dane dotycz\u0105ce osi\u0105g\u00f3w pomagaj\u0105 w poprawie dost\u0119pno\u015bci pojazd\u00f3w, redukcji koszt\u00f3w eksploatacji oraz optymalizacji wydajno\u015bci logistycznej.<\/p>\n\n            <\/div>\n                        \n    <\/div>\n\n<\/div>\n\n\n<div class=\"wp-block-wanicki-image-with-text image-with-text \">\n\n    <div class=\"image-with-text__image\">\n                    <div class=\"image-with-text__image-photo\"\n                 style=\"background-image: url(https:\/\/wanicki.pl\/daf\/wp-content\/uploads\/sites\/3\/2024\/05\/DAF_CONNECT_XF_Easy-Resize.com_.jpg)\"><\/div>\n            <\/div>\n\n    <div class=\"image-with-text__info  \">\n                    <div class=\"image-with-text__info-title-wrapper\">\n                <h2 class=\"image-with-text__info-title image-with-text__info-title--big\">TO NIE WSZYSTKO, CO JESZCZE?<\/h2>\n                                    <\/div>\n                            <div class=\"image-with-text__info-text\">\n                <p><strong>Paccar Connect &#8211; otwarta platforma, zosta\u0142a stworzona z my\u015bl\u0105 o elastyczno\u015bci i funkcjonalno\u015bci.<\/strong><\/p>\n<p>Twoja flota dostarcza odpowiednie dane poprzez centraln\u0105 baz\u0119 danych, umo\u017cliwiaj\u0105c \u0142atw\u0105 integracj\u0119 z istniej\u0105cymi systemami zarz\u0105dzania flot\u0105.<\/p>\n\n            <\/div>\n                        \n    <\/div>\n\n<\/div>\n\n\n<div class=\"wp-block-wanicki-spacer spacer \" style=\"--height: 75px;  --xl-height: 75px; --lg-height: 75px; --md-height: 75px; --sm-height: 75px; --xs-height: 75px;\">\n<\/div>\n\n\n\n<h2 class=\"wp-block-heading\">NORMY, STANDARDY I INFORMACJE<\/h2>\n\n\n\n<p>Platforma obs\u0142uguje standard rFMS, uznawany w bran\u017cy jako norma ACEA, u\u0142atwiaj\u0105c wymian\u0119 danych z istniej\u0105cymi aplikacjami w okre\u015blonym formacie. Oznacza to, \u017ce otwarta platforma jest odpowiednia nawet dla r\u00f3\u017cnorodnych flot. To dobre wie\u015bci dla tych, kt\u00f3rzy ju\u017c zainwestowali w systemy zarz\u0105dzania flot\u0105, ale nadal chc\u0105 korzysta\u0107 z danych producenta.<\/p>\n\n\n\n<p>Zapewnia to wyj\u0105tkow\u0105 elastyczno\u015b\u0107 i wspiera filozofi\u0119 DAF Transport Efficiency: <strong>eliminowanie wszystkiego, co mo\u017ce utrudnia\u0107 osi\u0105gni\u0119cie maksymalnego zwrotu z ka\u017cdego kilometra.<\/strong><\/p>\n\n\n\n<p>A jakie konkretnie dane pokazuje platforma? Czytaj dalej!<\/p>\n\n\n\n<h3 class=\"wp-block-heading\">Deska rozdzielcza<\/h3>\n\n\n\n<p>System zarz\u0105dzania flot\u0105 zbiera dane w czasie rzeczywistym i prezentuje je online na czytelnym oraz \u0142atwym w obs\u0142udze panelu, kt\u00f3ry mo\u017cna dostosowa\u0107 do indywidualnych potrzeb, wybieraj\u0105c modu\u0142y istotne dla Pa\u0144stwa dzia\u0142alno\u015bci.<\/p>\n\n\n\n<h3 class=\"wp-block-heading\">Raporty o zu\u017cyciu paliwa<\/h3>\n\n\n\n<p>Modu\u0142y raportu kierowcy i raportu pojazdu zapewniaj\u0105 ci\u0105g\u0142y przegl\u0105d sposobu prowadzenia pojazdu i zu\u017cycia paliwa przez pojazd. Te raporty mo\u017cna w pe\u0142ni skonfigurowa\u0107 zgodnie z potrzebami.<\/p>\n\n\n\n<h3 class=\"wp-block-heading\">Karta wynik\u00f3w Eco<\/h3>\n\n\n\n<p>Ewaluacja efektywno\u015bci kierowc\u00f3w jest teraz jeszcze prostsza; dzi\u0119ki karcie wynik\u00f3w ECO mo\u017cliwe jest dok\u0142adne por\u00f3wnanie zachowa\u0144 kierowc\u00f3w oraz monitorowanie postawionych cel\u00f3w.<\/p>\n\n\n\n<h3 class=\"wp-block-heading\">Ostrze\u017cenia<\/h3>\n\n\n\n<p>W przypadku wyst\u0105pienia okre\u015blonej sytuacji dotycz\u0105cej kierowcy lub pojazdu, takiej jak nietypowa zmiana pr\u0119dko\u015bci, trasy, lokalizacji czy zu\u017cycia paliwa, raporty s\u0105 automatycznie wysy\u0142ane w czasie rzeczywistym.<\/p>\n\n\n\n<h3 class=\"wp-block-heading\">Odchylenie poziomu paliwa<\/h3>\n\n\n\n<p>Celem producenta jest zachowanie kontroli nad zu\u017cyciem paliwa i maksymalizacja zwrotu z ka\u017cdego kilometra. Je\u015bli poziom paliwa w zbiorniku pojazdu r\u00f3\u017cni si\u0119 od prognozy, niezale\u017cnie czy jest to na korzy\u015b\u0107 czy nie, system DAF Connect natychmiast Pa\u0144stwa o tym poinformuje.<\/p>\n\n\n\n<h2 class=\"wp-block-heading\">Stan pojazdu<\/h2>\n\n\n\n<p>Dla zapewnienia, \u017ce Pa\u0144stwa flota zawsze dzia\u0142a w optymalnym stanie, system dostarczy Pa\u0144stwu natychmiastowe aktualizacje dotycz\u0105ce ewentualnych odchyle\u0144.<\/p>\n\n\n<div class=\"wp-block-wanicki-spacer spacer \" style=\"--height: 75px;  --xl-height: 75px; --lg-height: 75px; --md-height: 75px; --sm-height: 75px; --xs-height: 75px;\">\n<\/div>\n\n\n<div class=\"wp-block-wanicki-cta-banner cta-banner\">\n    <div class=\"container\">\n        <div class=\"cta-banner__container\">\n            <div class=\"cta-banner__image\"\n                             ><\/div>\n            <h2 class=\"cta-banner__title\">Chcesz wiedzie\u0107 wi\u0119cej? <\/h2>\n                                    <div class=\"cta-banner__buttons\">\n                                            <a\n                            href=\"https:\/\/wanicki.pl\/daf\/kontakt\/?branch=&amp;amp;subbranch=846&amp;amp;vehicle-type=&amp;amp;region=&amp;amp;contact-name=\"\n                            class=\"btn cta-banner__button \"\n                                                        target=\"\"\n                        >\n                            Skontaktuj si\u0119 z nami!\n                        <\/a>\n                                                        <\/div>\n                    <\/div>\n    <\/div>\n<\/div>\n","protected":false},"excerpt":{"rendered":"<p>NORMY, STANDARDY I INFORMACJE Platforma obs\u0142uguje standard rFMS, uznawany w bran\u017cy jako norma ACEA, u\u0142atwiaj\u0105c wymian\u0119 danych z istniej\u0105cymi aplikacjami w okre\u015blonym formacie. Oznacza to, \u017ce otwarta platforma jest odpowiednia nawet dla r\u00f3\u017cnorodnych flot. To dobre wie\u015bci dla tych, kt\u00f3rzy ju\u017c zainwestowali w systemy zarz\u0105dzania flot\u0105, ale nadal chc\u0105 korzysta\u0107 z danych producenta. Zapewnia to &hellip; <a href=\"https:\/\/wanicki.pl\/daf\/paccar-connect\/\">Continued<\/a><\/p>\n","protected":false},"author":1,"featured_media":0,"parent":0,"menu_order":0,"comment_status":"closed","ping_status":"closed","template":"","meta":{"_acf_changed":false,"_seopress_robots_primary_cat":"","_seopress_titles_title":"Paccar Connec - DAF - Wanicki.pl","_seopress_titles_desc":"Wanicki - dealer DAF \u2705 Platforma Paccar Connect \u2705 Monitoruj wydajno\u015b\u0107 flory w dowolnym miejscu i czasie \u2705Dowiedz si\u0119 wi\u0119cej","_seopress_robots_index":"","inline_featured_image":false,"footnotes":""},"class_list":["post-162","page","type-page","status-publish","hentry"],"acf":[],"_links":{"self":[{"href":"https:\/\/wanicki.pl\/daf\/wp-json\/wp\/v2\/pages\/162","targetHints":{"allow":["GET"]}}],"collection":[{"href":"https:\/\/wanicki.pl\/daf\/wp-json\/wp\/v2\/pages"}],"about":[{"href":"https:\/\/wanicki.pl\/daf\/wp-json\/wp\/v2\/types\/page"}],"author":[{"embeddable":true,"href":"https:\/\/wanicki.pl\/daf\/wp-json\/wp\/v2\/users\/1"}],"replies":[{"embeddable":true,"href":"https:\/\/wanicki.pl\/daf\/wp-json\/wp\/v2\/comments?post=162"}],"version-history":[{"count":26,"href":"https:\/\/wanicki.pl\/daf\/wp-json\/wp\/v2\/pages\/162\/revisions"}],"predecessor-version":[{"id":3829,"href":"https:\/\/wanicki.pl\/daf\/wp-json\/wp\/v2\/pages\/162\/revisions\/3829"}],"wp:attachment":[{"href":"https:\/\/wanicki.pl\/daf\/wp-json\/wp\/v2\/media?parent=162"}],"curies":[{"name":"wp","href":"https:\/\/api.w.org\/{rel}","templated":true}]}}

<div class="wp-block-wanicki-page-hero-header page-hero-header">
    <div class="page-hero-header__image page-hero-header__image--desktop"
          style="background-image: url(https://wanicki.pl/daf/wp-content/uploads/sites/3/2024/05/PACCAR-Connect-Data-Integration-3840-x-866.jpg)" ></div>
    <div class="page-hero-header__image page-hero-header__image--mobile"
          style="background-image: url(https://wanicki.pl/daf/wp-content/uploads/sites/3/2024/05/PACCAR-Connect-Data-Integration-3840-x-866.jpg)"
            >
    </div>
    <div class="page-hero-header__container container">
        <h1 class="page-hero-header__title"><strong>PACCAR CONNECT</strong></h1>
                    <div class="page-hero-header__subtitle"><p>Paccar Connect oferuje kompleksową platformę umożliwiającą ciągłe monitorowanie wydajności floty w dowolnym miejscu i czasie.</p>
</div>
                    </div>
</div>


<div class="wp-block-wanicki-image-with-text image-with-text  image-with-text--reversed ">

    <div class="image-with-text__image">
                    <div class="image-with-text__image-photo"
                 style="background-image: url(https://wanicki.pl/daf/wp-content/uploads/sites/3/2024/05/STS3595_Easy-Resize.com_.jpg)"></div>
            </div>

    <div class="image-with-text__info  image-with-text__info--reversed  ">
                    <div class="image-with-text__info-title-wrapper">
                <h2 class="image-with-text__info-title image-with-text__info-title--big">POZNAJ NASZĄ PLATFORMĘ!</h2>
                                    </div>
                            <div class="image-with-text__info-text">
                <p>Ta inteligentna i łatwa w obsłudze platforma pozwala utrzymać pełną kontrolę nad procesami logistycznymi, co przekłada się na zwiększoną wydajność ludzi i pojazdów.</p>
<p>Dzięki Paccar Connect otrzymujesz aktualne informacje na temat kierowców, pojazdów oraz procesów logistycznych. Dane dotyczące osiągów pomagają w poprawie dostępności pojazdów, redukcji kosztów eksploatacji oraz optymalizacji wydajności logistycznej.</p>

            </div>
                        
    </div>

</div>


<div class="wp-block-wanicki-image-with-text image-with-text ">

    <div class="image-with-text__image">
                    <div class="image-with-text__image-photo"
                 style="background-image: url(https://wanicki.pl/daf/wp-content/uploads/sites/3/2024/05/DAF_CONNECT_XF_Easy-Resize.com_.jpg)"></div>
            </div>

    <div class="image-with-text__info  ">
                    <div class="image-with-text__info-title-wrapper">
                <h2 class="image-with-text__info-title image-with-text__info-title--big">TO NIE WSZYSTKO, CO JESZCZE?</h2>
                                    </div>
                            <div class="image-with-text__info-text">
                <p><strong>Paccar Connect &#8211; otwarta platforma, została stworzona z myślą o elastyczności i funkcjonalności.</strong></p>
<p>Twoja flota dostarcza odpowiednie dane poprzez centralną bazę danych, umożliwiając łatwą integrację z istniejącymi systemami zarządzania flotą.</p>

            </div>
                        
    </div>

</div>


<div class="wp-block-wanicki-spacer spacer " style="--height: 75px;  --xl-height: 75px; --lg-height: 75px; --md-height: 75px; --sm-height: 75px; --xs-height: 75px;">
</div>



<h2 class="wp-block-heading">NORMY, STANDARDY I INFORMACJE</h2>



<p>Platforma obsługuje standard rFMS, uznawany w branży jako norma ACEA, ułatwiając wymianę danych z istniejącymi aplikacjami w określonym formacie. Oznacza to, że otwarta platforma jest odpowiednia nawet dla różnorodnych flot. To dobre wieści dla tych, którzy już zainwestowali w systemy zarządzania flotą, ale nadal chcą korzystać z danych producenta.</p>



<p>Zapewnia to wyjątkową elastyczność i wspiera filozofię DAF Transport Efficiency: <strong>eliminowanie wszystkiego, co może utrudniać osiągnięcie maksymalnego zwrotu z każdego kilometra.</strong></p>



<p>A jakie konkretnie dane pokazuje platforma? Czytaj dalej!</p>



<h3 class="wp-block-heading">Deska rozdzielcza</h3>



<p>System zarządzania flotą zbiera dane w czasie rzeczywistym i prezentuje je online na czytelnym oraz łatwym w obsłudze panelu, który można dostosować do indywidualnych potrzeb, wybierając moduły istotne dla Państwa działalności.</p>



<h3 class="wp-block-heading">Raporty o zużyciu paliwa</h3>



<p>Moduły raportu kierowcy i raportu pojazdu zapewniają ciągły przegląd sposobu prowadzenia pojazdu i zużycia paliwa przez pojazd. Te raporty można w pełni skonfigurować zgodnie z potrzebami.</p>



<h3 class="wp-block-heading">Karta wyników Eco</h3>



<p>Ewaluacja efektywności kierowców jest teraz jeszcze prostsza; dzięki karcie wyników ECO możliwe jest dokładne porównanie zachowań kierowców oraz monitorowanie postawionych celów.</p>



<h3 class="wp-block-heading">Ostrzeżenia</h3>



<p>W przypadku wystąpienia określonej sytuacji dotyczącej kierowcy lub pojazdu, takiej jak nietypowa zmiana prędkości, trasy, lokalizacji czy zużycia paliwa, raporty są automatycznie wysyłane w czasie rzeczywistym.</p>



<h3 class="wp-block-heading">Odchylenie poziomu paliwa</h3>



<p>Celem producenta jest zachowanie kontroli nad zużyciem paliwa i maksymalizacja zwrotu z każdego kilometra. Jeśli poziom paliwa w zbiorniku pojazdu różni się od prognozy, niezależnie czy jest to na korzyść czy nie, system DAF Connect natychmiast Państwa o tym poinformuje.</p>



<h2 class="wp-block-heading">Stan pojazdu</h2>



<p>Dla zapewnienia, że Państwa flota zawsze działa w optymalnym stanie, system dostarczy Państwu natychmiastowe aktualizacje dotyczące ewentualnych odchyleń.</p>


<div class="wp-block-wanicki-spacer spacer " style="--height: 75px;  --xl-height: 75px; --lg-height: 75px; --md-height: 75px; --sm-height: 75px; --xs-height: 75px;">
</div>


<div class="wp-block-wanicki-cta-banner cta-banner">
    <div class="container">
        <div class="cta-banner__container">
            <div class="cta-banner__image"
                             ></div>
            <h2 class="cta-banner__title">Chcesz wiedzieć więcej? </h2>
                                    <div class="cta-banner__buttons">
                                            <a
                            href="https://wanicki.pl/daf/kontakt/?branch=&amp;amp;subbranch=846&amp;amp;vehicle-type=&amp;amp;region=&amp;amp;contact-name="
                            class="btn cta-banner__button "
                                                        target=""
                        >
                            Skontaktuj się z nami!
                        </a>
                                                        </div>
                    </div>
    </div>
</div>

<p>NORMY, STANDARDY I INFORMACJE Platforma obsługuje standard rFMS, uznawany w branży jako norma ACEA, ułatwiając wymianę danych z istniejącymi aplikacjami w określonym formacie. Oznacza to, że otwarta platforma jest odpowiednia nawet dla różnorodnych flot. To dobre wieści dla tych, którzy już zainwestowali w systemy zarządzania flotą, ale nadal chcą korzystać z danych producenta. Zapewnia to &hellip; <a href="https://wanicki.pl/daf/paccar-connect/">Continued</a></p>

Wanicki - dealer DAF ✅ Platforma Paccar Connect ✅ Monitoruj wydajność flory w dowolnym miejscu i czasie ✅Dowiedz się więcej
