{"id":1102,"date":"2024-04-16T19:33:15","date_gmt":"2024-04-16T17:33:15","guid":{"rendered":"https:\/\/wanicki.pl\/johndeere\/?page_id=1102"},"modified":"2025-10-03T13:10:36","modified_gmt":"2025-10-03T11:10:36","slug":"finansowanie","status":"publish","type":"page","link":"https:\/\/wanicki.pl\/johndeere\/finansowanie\/","title":{"rendered":"Finansowanie"},"content":{"rendered":"<div class=\"wp-block-wanicki-page-hero-header page-hero-header\">\n    <div class=\"page-hero-header__image page-hero-header__image--desktop\"\n          style=\"background-image: url(https:\/\/wanicki.pl\/johndeere\/wp-content\/uploads\/sites\/2\/2024\/04\/Z620808-scaled.jpg)\" ><\/div>\n    <div class=\"page-hero-header__image page-hero-header__image--mobile\"\n          style=\"background-image: url(https:\/\/wanicki.pl\/johndeere\/wp-content\/uploads\/sites\/2\/2024\/04\/Z620808-scaled.jpg)\"\n            >\n    <\/div>\n    <div class=\"page-hero-header__container container\">\n        <h1 class=\"page-hero-header__title\">ROZWIJAJ SWOJE GOSPODARSTWO <br><strong>Z NASZYM FINANSOWANIEM<\/strong><\/h1>\n                    <div class=\"page-hero-header__subtitle\"><p>Maszyny rolnicze to klucz do sukcesu w Twoim biznesie. Inwestuj\u0105c w nowoczesny sprz\u0119t, zwi\u0119kszasz wydajno\u015b\u0107 i efektywno\u015b\u0107 pracy, a tym samym otwierasz drzwi do dalszego rozwoju. Rozumiemy to doskonale, dlatego oferujemy\u00a0 kompleksowe programy finansowania, kt\u00f3re u\u0142atwi\u0105 Ci zakup wymarzonych maszyn.<\/p>\n<\/div>\n                    <\/div>\n<\/div>\n\n\n<div class=\"wp-block-wanicki-image-with-text image-with-text \">\n\n    <div class=\"image-with-text__image\">\n                    <div class=\"image-with-text__image-photo\"\n                 style=\"background-image: url(https:\/\/wanicki.pl\/johndeere\/wp-content\/uploads\/sites\/2\/2024\/04\/r4f083168_VS-scaled.webp)\"><\/div>\n            <\/div>\n\n    <div class=\"image-with-text__info   image-with-text__info--white \">\n                    <div class=\"image-with-text__info-title-wrapper\">\n                <h2 class=\"image-with-text__info-title image-with-text__info-title--big\">DLACZEGO WARTO NAS WYBRA\u0106?<\/h2>\n                                    <\/div>\n                            <div class=\"image-with-text__info-text\">\n                <p>Z nami zyskujesz:<\/p>\n<ul>\n<li>Szybki dost\u0119p do nowoczesnych maszyn: nie czekaj, zainwestuj w sw\u00f3j rozw\u00f3j ju\u017c dzi\u015b!<\/li>\n<li>Oszcz\u0119dno\u015b\u0107 czasu i pieni\u0119dzy: korzystne warunki finansowania i minimum formalno\u015bci.<\/li>\n<li>Pewno\u015b\u0107 i bezpiecze\u0144stwo: stabilno\u015b\u0107 i komfort prowadzenia dzia\u0142alno\u015bci.<\/li>\n<\/ul>\n\n            <\/div>\n                        \n    <\/div>\n\n<\/div>\n\n\n\n<div style=\"height:20px\" aria-hidden=\"true\" class=\"wp-block-spacer\"><\/div>\n\n\n\n<h2 class=\"wp-block-heading has-text-align-center\">Wybierz opcj\u0119 finansowania dogodn\u0105 <br>dla Twojej dzia\u0142alno\u015bci!<\/h2>\n\n\n\n<div style=\"height:20px\" aria-hidden=\"true\" class=\"wp-block-spacer\"><\/div>\n\n\n<div class=\"wp-block-wanicki-image-with-text image-with-text  image-with-text--reversed \">\n\n    <div class=\"image-with-text__image\">\n                    <div class=\"image-with-text__image-photo\"\n                 style=\"background-image: url(https:\/\/wanicki.pl\/johndeere\/wp-content\/uploads\/sites\/2\/2024\/04\/r2c010678_LSC-scaled.webp)\"><\/div>\n            <\/div>\n\n    <div class=\"image-with-text__info  image-with-text__info--reversed   image-with-text__info--white \">\n                    <div class=\"image-with-text__info-title-wrapper\">\n                <h3 class=\"image-with-text__info-title image-with-text__info-title--big\">PO\u017bYCZKA LEASINGOWA<\/h3>\n                                    <\/div>\n                            <div class=\"image-with-text__info-text\">\n                <p><strong>Posiadanie w\u0142asnej maszyny staje si\u0119 \u0142atwiejsze ni\u017c my\u015blisz. Na pocz\u0105tku dokonujesz wp\u0142aty wk\u0142adu w\u0142asnego oraz podatku VAT od ca\u0142ej warto\u015bci maszyny.<\/strong><\/p>\n<p>Mo\u017cemy r\u00f3wnie\u017c wygodnie sfinansowa\u0107 dla Ciebie kwot\u0119 podatku VAT w ratach. Pozosta\u0142a kwota, z odsetkami, jest dzielona na dogodne raty, dostosowane do wybranego przez Ciebie harmonogramu (miesi\u0119cznego, kwartalnego lub p\u00f3\u0142rocznego), obejmuj\u0105cego okres nawet do 10 lat. Dodatkowo, oferujemy elastyczne rozwi\u0105zania, takie jak rata balonowa (o niskich ratach w trakcie u\u017cytkowania) lub karencja (mo\u017cliwo\u015b\u0107 odroczenia sp\u0142aty kapita\u0142u nawet o 18 miesi\u0119cy od odbioru maszyny) przy zakupie ci\u0105gnika lub maszyny \u017cniwnej.<\/p>\n<p>Z racji, \u017ce jeste\u015b w\u0142a\u015bcicielem maszyny, opcja po\u017cyczki leasingowej pozwala Ci skorzysta\u0107 z dotacji unijnych. Dzi\u0119ki indywidualnemu dostosowaniu warunk\u00f3w p\u0142atno\u015bci, mo\u017cesz cieszy\u0107 si\u0119 wszystkimi zaletami posiadania maszyny na w\u0142asno\u015b\u0107.<\/p>\n\n            <\/div>\n                        \n    <\/div>\n\n<\/div>\n\n\n<div class=\"wp-block-wanicki-image-with-text image-with-text \">\n\n    <div class=\"image-with-text__image\">\n                    <div class=\"image-with-text__image-photo\"\n                 style=\"background-image: url(https:\/\/wanicki.pl\/johndeere\/wp-content\/uploads\/sites\/2\/2024\/04\/r2g030224_LSC-scaled.webp)\"><\/div>\n            <\/div>\n\n    <div class=\"image-with-text__info   image-with-text__info--white \">\n                    <div class=\"image-with-text__info-title-wrapper\">\n                <h3 class=\"image-with-text__info-title image-with-text__info-title--big\">LEASING OPERACYJNY<\/h3>\n                                    <\/div>\n                            <div class=\"image-with-text__info-text\">\n                <p><strong>Szybki start przy minimalnej op\u0142acie pocz\u0105tkowej to mo\u017cliwo\u015b\u0107 natychmiastowego korzystania z nowej maszyny.<\/strong><\/p>\n<p>Sp\u0142acasz regularnie raty o sta\u0142ej wysoko\u015bci, kt\u00f3re u\u0142atwiaj\u0105 Ci planowanie bud\u017cetu, zamiast ponosi\u0107 jednorazowy wydatek. Co istotne, podatek VAT jest naliczany od op\u0142aty pocz\u0105tkowej oraz ka\u017cdej raty z osobna, co pomaga w roz\u0142o\u017ceniu obci\u0105\u017ce\u0144 podatkowych.<\/p>\n<p>Dodatkowo, wszystkie raty leasingowe oraz op\u0142ata pocz\u0105tkowa mog\u0105 zosta\u0107 uwzgl\u0119dnione jako koszty uzyskania przychodu. Leasing operacyjny trwa zazwyczaj od 3 do 7 lat. Po zako\u0144czeniu umowy masz mo\u017cliwo\u015b\u0107 przej\u0119cia w\u0142asno\u015bci maszyny po zap\u0142aceniu op\u0142aty ko\u0144cowej lub zwr\u00f3cenia jej do firmy leasingowej. Ta elastyczna opcja pozwala Ci szybko rozpocz\u0105\u0107 korzystanie z nowej maszyny za minimaln\u0105 op\u0142at\u0105 pocz\u0105tkow\u0105, a nast\u0119pnie regularnie regulowa\u0107 raty, ciesz\u0105c si\u0119 swobod\u0105 w u\u017cytkowaniu.<\/p>\n\n            <\/div>\n                        \n    <\/div>\n\n<\/div>\n\n\n<div class=\"wp-block-wanicki-image-with-text image-with-text  image-with-text--reversed \">\n\n    <div class=\"image-with-text__image\">\n                    <div class=\"image-with-text__image-photo\"\n                 style=\"background-image: url(https:\/\/wanicki.pl\/johndeere\/wp-content\/uploads\/sites\/2\/2024\/04\/JDF_wizerunkowe3.jpg)\"><\/div>\n            <\/div>\n\n    <div class=\"image-with-text__info  image-with-text__info--reversed   image-with-text__info--white \">\n                    <div class=\"image-with-text__info-title-wrapper\">\n                <h3 class=\"image-with-text__info-title image-with-text__info-title--big\">KALKULATOR FINANSOWANIA<\/h3>\n                                    <\/div>\n                            <div class=\"image-with-text__info-text\">\n                <p><strong>Szybka i \u0142atwa kalkulacja raty netto!<\/strong><\/p>\n<p style=\"text-align: left;\">Potrzebujesz nowego ci\u0105gnika, kombajnu lub maszyny komunalnej John Deere?<\/p>\n<p>Skorzystaj z kalkulatora finansowania fabrycznego JDF i b\u0142yskawicznie oblicz rat\u0119 netto dla wybranego przez Ciebie modelu!<\/p>\n\n            <\/div>\n                            <a href=\"https:\/\/jdfcalculator.deere.com\/offers\/pl_PL\" class=\"btn btn--primary image-with-text__button  btn--custom \"\n                style=\"--custom-color: #367c2b\" >Kalkulator finansowania<\/a>\n                \n    <\/div>\n\n<\/div>\n\n\n<div class=\"wp-block-wanicki-job-form job-form__container\" id=\"\">\n    <div class=\"container job-form\">\n        <div class=\"job-form__info\">\n            <h2 class=\"job-form__info-title\">Jeste\u015b zainteresowany\/a finansowaniem? <\/h2>\n                    <p class=\"job-form__info-text\">\n                Skontaktuj si\u0119 z nami!\n            <\/p>\n        <\/div>\n        <div class=\"job-form__form\">\n            \n<div class=\"wpcf7 no-js\" id=\"wpcf7-f1890-o1\" lang=\"pl-PL\" dir=\"ltr\" data-wpcf7-id=\"1890\">\n<div class=\"screen-reader-response\"><p role=\"status\" aria-live=\"polite\" aria-atomic=\"true\"><\/p> <ul><\/ul><\/div>\n<form action=\"\/johndeere\/wp-json\/wp\/v2\/pages\/1102#wpcf7-f1890-o1\" method=\"post\" class=\"wpcf7-form init\" aria-label=\"Formularz kontaktowy\" novalidate=\"novalidate\" data-status=\"init\">\n<fieldset class=\"hidden-fields-container\"><input type=\"hidden\" name=\"_wpcf7\" value=\"1890\" \/><input type=\"hidden\" name=\"_wpcf7_version\" value=\"6.1.5\" \/><input type=\"hidden\" name=\"_wpcf7_locale\" value=\"pl_PL\" \/><input type=\"hidden\" name=\"_wpcf7_unit_tag\" value=\"wpcf7-f1890-o1\" \/><input type=\"hidden\" name=\"_wpcf7_container_post\" value=\"0\" \/><input type=\"hidden\" name=\"_wpcf7_posted_data_hash\" value=\"\" \/><input type=\"hidden\" name=\"_wpcf7_recaptcha_response\" value=\"\" \/>\n<\/fieldset>\n<div class=\"form-columns\">\n\t<p><label><span class=\"form-label\">Imi\u0119*<\/span><span class=\"wpcf7-form-control-wrap\" data-name=\"your-name\"><input size=\"40\" maxlength=\"400\" class=\"wpcf7-form-control wpcf7-text wpcf7-validates-as-required\" aria-required=\"true\" aria-invalid=\"false\" value=\"\" type=\"text\" name=\"your-name\" \/><\/span><\/label><br \/>\n<label><span class=\"form-label\">Nazwisko*<\/span><span class=\"wpcf7-form-control-wrap\" data-name=\"your-surname\"><input size=\"40\" maxlength=\"400\" class=\"wpcf7-form-control wpcf7-text\" aria-invalid=\"false\" value=\"\" type=\"text\" name=\"your-surname\" \/><\/span><\/label>\n\t<\/p>\n<\/div>\n<div class=\"form-columns\">\n\t<p><label><span class=\"form-label\">Email*<\/span><span class=\"wpcf7-form-control-wrap\" data-name=\"your-email\"><input size=\"40\" maxlength=\"400\" class=\"wpcf7-form-control wpcf7-email wpcf7-validates-as-required wpcf7-text wpcf7-validates-as-email\" aria-required=\"true\" aria-invalid=\"false\" value=\"\" type=\"email\" name=\"your-email\" \/><\/span><\/label><br \/>\n<label><span class=\"form-label\">Numer telefonu*<\/span><span class=\"wpcf7-form-control-wrap\" data-name=\"your-phone\"><input size=\"40\" maxlength=\"400\" class=\"wpcf7-form-control wpcf7-tel wpcf7-validates-as-required wpcf7-text wpcf7-validates-as-tel\" aria-required=\"true\" aria-invalid=\"false\" value=\"\" type=\"tel\" name=\"your-phone\" \/><\/span><\/label>\n\t<\/p>\n<\/div>\n<div class=\"form-columns\">\n\t<p><label><span class=\"form-label\">Najbli\u017cszy oddzia\u0142*<\/span><span class=\"wpcf7-form-control-wrap\" data-name=\"your-recipient\"><select class=\"wpcf7-form-control wpcf7-select qty qty--select select-input\" aria-invalid=\"false\" name=\"your-recipient\"><option value=\"Re\u0144ska\">Re\u0144ska<\/option><option value=\"Kielce\">Kielce<\/option><option value=\"Wolb\u00f3rz\">Wolb\u00f3rz<\/option><option value=\"Kutno\">Kutno<\/option><option value=\"Bramki\">Bramki<\/option><option value=\"Gr\u00f3jec\">Gr\u00f3jec<\/option><option value=\"D\u0105browa Tarnowska\">D\u0105browa Tarnowska<\/option><option value=\"Jaros\u0142aw\">Jaros\u0142aw<\/option><option value=\"Pu\u0142ankowice\">Pu\u0142ankowice<\/option><option value=\"Sitaniec\">Sitaniec<\/option><option value=\"Wola Piasecka\">Wola Piasecka<\/option><\/select><\/span><br \/>\n<\/label><br \/>\n<label><span class=\"form-label\">Kod pocztowy*<\/span><span class=\"wpcf7-form-control-wrap\" data-name=\"your-postcode\"><input size=\"40\" maxlength=\"400\" class=\"wpcf7-form-control wpcf7-text wpcf7-validates-as-required\" aria-required=\"true\" aria-invalid=\"false\" value=\"\" type=\"text\" name=\"your-postcode\" \/><\/span><\/label>\n\t<\/p>\n<\/div>\n<div class=\"checkbox-input\" style=\"font-size: 0.75em\">\n\t<p>        <span class=\"wpcf7-form-control-wrap\" data-name=\"checkall-69d4697a2acdc\">\r\n            <span class=\"wpcf7-form-control wpcf7-acceptance optional\">\r\n                <span class=\"wpcf7-list-item\">\r\n                    <input type=\"checkbox\" name=\"checkall-69d4697a2acdc\" aria-invalid=\"false\" id=\"checkall-69d4697a2acdc\" \/>\r\n                <\/span>\r\n            <\/span>\r\n        <\/span>\r\n        <div>\r\n            <p>\r\n                Zaznacz wszystkie pola            <\/p>\r\n        <\/div>\r\n    \n\t<\/p>\n<\/div>\n<div class=\"checkbox-input\" style=\"font-size: 0.75em\">\n\t<p><span class=\"wpcf7-form-control-wrap\" data-name=\"your-acceptance\"><span class=\"wpcf7-form-control wpcf7-acceptance\"><span class=\"wpcf7-list-item\"><input type=\"checkbox\" name=\"your-acceptance\" value=\"1\" aria-invalid=\"false\" \/><\/span><\/span><\/span>\n\t<\/p>\n\t<div>\n\t\t<p>*O\u015bwiadczam, \u017ce zapozna\u0142em si\u0119 z <a href='\/polityka-prywatnosci\/' target=\"_blank\">Polityk\u0105 prywatno\u015bci oraz Regulaminem \u015bwiadczenia us\u0142ug drog\u0105 elektroniczn\u0105<\/a> i akceptuj\u0119 ich tre\u015b\u0107.\n\t\t<\/p>\n\t<\/div>\n<\/div>\n<div class=\"checkbox-input\" style=\"font-size: 0.75em\">\n\t<p><span class=\"wpcf7-form-control-wrap\" data-name=\"your-acceptance-info\"><span class=\"wpcf7-form-control wpcf7-acceptance optional\"><span class=\"wpcf7-list-item\"><input type=\"checkbox\" name=\"your-acceptance-info\" value=\"1\" aria-invalid=\"false\" \/><\/span><\/span><\/span>\n\t<\/p>\n\t<div>\n\t\t<p>Wyra\u017cam zgod\u0119 na przesy\u0142anie informacji handlowej skierowanej za pomoc\u0105 \u015brodk\u00f3w komunikacji elektronicznej oraz na u\u017cywanie telekomunikacyjnych urz\u0105dze\u0144 ko\u0144cowych i automatycznych system\u00f3w wywo\u0142uj\u0105cych dla cel\u00f3w marketingu bezpo\u015bredniego przez Grup\u0119 Wanicki*\n\t\t<\/p>\n\t<\/div>\n<\/div>\n<div style=\"font-size: 0.75em\">\n\t<p>Zgoda obejmuje kontakt za po\u015brednictwem:\n\t<\/p>\n<\/div>\n<div class=\"checkbox-input\" style=\"font-size: 0.75em\">\n\t<p><span class=\"wpcf7-form-control-wrap\" data-name=\"your-acceptance-email\"><span class=\"wpcf7-form-control wpcf7-acceptance optional\"><span class=\"wpcf7-list-item\"><input type=\"checkbox\" name=\"your-acceptance-email\" value=\"1\" aria-invalid=\"false\" \/><\/span><\/span><\/span>\n\t<\/p>\n\t<div>\n\t\t<p>E-mail\n\t\t<\/p>\n\t<\/div>\n<\/div>\n<div class=\"checkbox-input\" style=\"font-size: 0.75em\">\n\t<p><span class=\"wpcf7-form-control-wrap\" data-name=\"your-acceptance-sms\"><span class=\"wpcf7-form-control wpcf7-acceptance optional\"><span class=\"wpcf7-list-item\"><input type=\"checkbox\" name=\"your-acceptance-sms\" value=\"1\" aria-invalid=\"false\" \/><\/span><\/span><\/span>\n\t<\/p>\n\t<div>\n\t\t<p>SMS\n\t\t<\/p>\n\t<\/div>\n<\/div>\n<div class=\"checkbox-input\" style=\"font-size: 0.75em\">\n\t<p><span class=\"wpcf7-form-control-wrap\" data-name=\"your-acceptance-tel\"><span class=\"wpcf7-form-control wpcf7-acceptance optional\"><span class=\"wpcf7-list-item\"><input type=\"checkbox\" name=\"your-acceptance-tel\" value=\"1\" aria-invalid=\"false\" \/><\/span><\/span><\/span>\n\t<\/p>\n\t<div>\n\t\t<p>Kontakt telefoniczny\n\t\t<\/p>\n\t<\/div>\n<\/div>\n<div style=\"font-size: 0.75em\">\n\t<p>*przez Grup\u0119 Wanicki rozumie si\u0119 nast\u0119puj\u0105ce sp\u00f3\u0142ki: Firma Wanicki sp. z o.o. z siedzib\u0105 w Mogilanach, ul. My\u015blenicka 19, 32-031 Mogilany, KRS: 0000214618; Wanicki Serwis sp. z o.o. z siedzib\u0105 w Mogilanach, ul. My\u015blenicka 19, 32.-031 Mogilany, KRS: 0000225703, MW Wanicki sp. z o.o. z siedzib\u0105 w Mogilanach, ul. My\u015blenicka 19, 32.-031 Mogilany, KRS: 0000290954; BW Wanicki sp. z o.o. z siedzib\u0105 w Mogilanach, ul. My\u015blenicka 19, 32.-031 Mogilany, KRS: 0000277732; SW Wanicki sp. z o.o. z siedzib\u0105 w Mogilanach, ul. My\u015blenicka 19, 32.-031 Mogilany, KRS: 0000318232; Nedpol Truck Service sp. z o.o. z siedzib\u0105 w Romanowie, Roman\u00f3w 10b, 42-260 Roman\u00f3w, KRS: 0000062292; WW Wanicki sp. z o.o. z siedzib\u0105 w Trzcianie, Trzciana 162, 36-071 Trzciana, KRS: 0000214811; PT Wanicki sp. z o.o. z siedzib\u0105 w Mogilanach, ul. My\u015blenicka 19, 32.-031 Mogilany, KRS: 0001069064; Wanicki Rental sp. z o.o. z siedzib\u0105 w Mogilanach, ul. My\u015blenicka 19, 32.-031 Mogilany, KRS: 0000997992.\n\t<\/p>\n<\/div>\n<p><input class=\"wpcf7-form-control wpcf7-submit has-spinner\" type=\"submit\" value=\"Prosz\u0119 o kontakt\" \/>\n<\/p><div class=\"wpcf7-response-output\" aria-hidden=\"true\"><\/div>\n<\/form>\n<\/div>\n        <\/div>\n    <\/div>\n<\/div>\n","protected":false},"excerpt":{"rendered":"<p>Wybierz opcj\u0119 finansowania dogodn\u0105 dla Twojej dzia\u0142alno\u015bci!<\/p>\n","protected":false},"author":1,"featured_media":0,"parent":0,"menu_order":0,"comment_status":"closed","ping_status":"closed","template":"","meta":{"_acf_changed":false,"_seopress_robots_primary_cat":"","_seopress_titles_title":"Finansowanie - John Deere - Wanicki.","_seopress_titles_desc":"Skorzystaj z naszego finansowania maszyn rolniczych! \u2705 Po\u017cyczka leasingowa \u2705 Leasing operacyjny \u2705 Sprawd\u017a kalkulator finansowania","_seopress_robots_index":"","inline_featured_image":false,"footnotes":""},"class_list":["post-1102","page","type-page","status-publish","hentry"],"acf":[],"_links":{"self":[{"href":"https:\/\/wanicki.pl\/johndeere\/wp-json\/wp\/v2\/pages\/1102","targetHints":{"allow":["GET"]}}],"collection":[{"href":"https:\/\/wanicki.pl\/johndeere\/wp-json\/wp\/v2\/pages"}],"about":[{"href":"https:\/\/wanicki.pl\/johndeere\/wp-json\/wp\/v2\/types\/page"}],"author":[{"embeddable":true,"href":"https:\/\/wanicki.pl\/johndeere\/wp-json\/wp\/v2\/users\/1"}],"replies":[{"embeddable":true,"href":"https:\/\/wanicki.pl\/johndeere\/wp-json\/wp\/v2\/comments?post=1102"}],"version-history":[{"count":71,"href":"https:\/\/wanicki.pl\/johndeere\/wp-json\/wp\/v2\/pages\/1102\/revisions"}],"predecessor-version":[{"id":4660,"href":"https:\/\/wanicki.pl\/johndeere\/wp-json\/wp\/v2\/pages\/1102\/revisions\/4660"}],"wp:attachment":[{"href":"https:\/\/wanicki.pl\/johndeere\/wp-json\/wp\/v2\/media?parent=1102"}],"curies":[{"name":"wp","href":"https:\/\/api.w.org\/{rel}","templated":true}]}}