{"id":2139,"date":"2024-05-23T15:10:03","date_gmt":"2024-05-23T13:10:03","guid":{"rendered":"https:\/\/wanicki.pl\/johndeere\/?page_id=2139"},"modified":"2024-10-02T13:38:59","modified_gmt":"2024-10-02T11:38:59","slug":"regulamin-sprzedazy","status":"publish","type":"page","link":"https:\/\/wanicki.pl\/johndeere\/regulamin-sprzedazy\/","title":{"rendered":"Regulamin sprzeda\u017cy i inne dokumenty"},"content":{"rendered":"<div class=\"wp-block-wanicki-page-header page-header\">\n    <div class=\"page-header__image \"\n          style=\"background-image: url(https:\/\/wanicki.pl\/johndeere\/wp-content\/uploads\/sites\/2\/2024\/04\/JDF_wizerunkowe3.jpg)\"     ><\/div>\n\n    <div class=\"container page-header__container\">\n                    <h1 class=\"page-header__title \">REGULAMIN SPRZEDA\u017bY I INNE DOKUMENTY<\/h1>\n                    <\/div>\n<\/div>\n\n\n\n<div style=\"height:20px\" aria-hidden=\"true\" class=\"wp-block-spacer\"><\/div>\n\n\n\n<h2 class=\"wp-block-heading\">REGULAMIN SPRZEDA\u017bY AGRO<\/h2>\n\n\n\n<p><\/p>\n\n\n\n<ul class=\"wp-block-list\">\n<li><a href=\"https:\/\/wanicki.pl\/agro\/wp-content\/uploads\/sites\/16\/2024\/06\/Wanicki-AGRO-Wanicki-Serwis-regulamin-sprzedazy-od-27.05.2024-r.pdf\" target=\"_blank\" rel=\"noreferrer noopener\">Wanicki AGRO (Wanicki Serwis) &#8211; regulamin sprzedaz\u0307y od 27.05.2024 r.<\/a><\/li>\n<\/ul>\n\n\n\n<h2 class=\"wp-block-heading\">Inne dokumenty<\/h2>\n\n\n\n<ul class=\"wp-block-list\">\n<li><a href=\"https:\/\/wanicki.pl\/johndeere\/wp-content\/uploads\/sites\/2\/2024\/09\/Procedura-Zglaszania-Naruszen-i-Ochrony-Sygnalisty-w-Wanicki-Serwis.pdf\">Procedura Zg\u0142aszania Narusze\u0144 i Ochrony Sygnalisty w Wanicki Serwis<\/a>\u00a0<\/li>\n<\/ul>\n\n\n\n<p><\/p>\n","protected":false},"excerpt":{"rendered":"<p>REGULAMIN SPRZEDA\u017bY AGRO Inne dokumenty<\/p>\n","protected":false},"author":1,"featured_media":0,"parent":0,"menu_order":0,"comment_status":"closed","ping_status":"closed","template":"pages-background-header","meta":{"_acf_changed":false,"_seopress_robots_primary_cat":"","_seopress_titles_title":"Regulamin sprzeda\u017cy - John Deere - Agro Wanicki","_seopress_titles_desc":"Agro Wanicki - dealer John Deere \u2705 Aktualny regulamin sprzeda\u017c \u2705 Dowiedz si\u0119 wi\u0119cej!","_seopress_robots_index":"","_seopress_analysis_target_kw":"regulamin sprzeda\u017cy","inline_featured_image":false,"footnotes":""},"class_list":["post-2139","page","type-page","status-publish","hentry"],"acf":[],"_links":{"self":[{"href":"https:\/\/wanicki.pl\/johndeere\/wp-json\/wp\/v2\/pages\/2139","targetHints":{"allow":["GET"]}}],"collection":[{"href":"https:\/\/wanicki.pl\/johndeere\/wp-json\/wp\/v2\/pages"}],"about":[{"href":"https:\/\/wanicki.pl\/johndeere\/wp-json\/wp\/v2\/types\/page"}],"author":[{"embeddable":true,"href":"https:\/\/wanicki.pl\/johndeere\/wp-json\/wp\/v2\/users\/1"}],"replies":[{"embeddable":true,"href":"https:\/\/wanicki.pl\/johndeere\/wp-json\/wp\/v2\/comments?post=2139"}],"version-history":[{"count":42,"href":"https:\/\/wanicki.pl\/johndeere\/wp-json\/wp\/v2\/pages\/2139\/revisions"}],"predecessor-version":[{"id":2907,"href":"https:\/\/wanicki.pl\/johndeere\/wp-json\/wp\/v2\/pages\/2139\/revisions\/2907"}],"wp:attachment":[{"href":"https:\/\/wanicki.pl\/johndeere\/wp-json\/wp\/v2\/media?parent=2139"}],"curies":[{"name":"wp","href":"https:\/\/api.w.org\/{rel}","templated":true}]}}