{"id":4829,"date":"2025-11-21T13:20:42","date_gmt":"2025-11-21T12:20:42","guid":{"rendered":"https:\/\/wanicki.pl\/johndeere\/?page_id=4829"},"modified":"2025-12-03T13:18:13","modified_gmt":"2025-12-03T12:18:13","slug":"black-week-w-wanicki","status":"publish","type":"page","link":"https:\/\/wanicki.pl\/johndeere\/black-week-w-wanicki\/","title":{"rendered":"BLACK WEEK W WANICKI"},"content":{"rendered":"<div class=\"wp-block-wanicki-hero-header hero-header\">\n    <div class=\"hero-header__image hero-header__image--desktop\"\n          style=\"background-image: url(https:\/\/wanicki.pl\/johndeere\/wp-content\/uploads\/sites\/2\/2025\/11\/blackweek1-1920x1080-1-e1763971431329.jpg)\" ><\/div>\n    <div class=\"hero-header__image hero-header__image--mobile\"\n          style=\"background-image: url(https:\/\/wanicki.pl\/johndeere\/wp-content\/uploads\/sites\/2\/2025\/11\/blackweek2-1080x1920-1.jpg)\"\n         >\n    <\/div>\n    <div class=\"hero-header__container container\">\n        <h1 class=\"hero-header__title\"><\/h1>\n                    <\/div>\n<\/div>\n\n\n<div class=\"wp-block-wanicki-image-with-text image-with-text \">\n\n    <div class=\"image-with-text__image\">\n                    <div class=\"image-with-text__image-photo\"\n                 style=\"background-image: url(https:\/\/wanicki.pl\/johndeere\/wp-content\/uploads\/sites\/2\/2025\/11\/blackweek1-1920x1080-1-e1763971431329.jpg)\"><\/div>\n            <\/div>\n\n    <div class=\"image-with-text__info  \">\n                    <div class=\"image-with-text__info-title-wrapper\">\n                <h2 class=\"image-with-text__info-title\">Black Week w Wanicki<\/h2>\n                                    <\/div>\n                            <div class=\"image-with-text__info-text\">\n                <p>Kolejny rok z rz\u0119du przygotowali\u015bmy na Black Week co\u015b naprawd\u0119 wyj\u0105tkowego.<\/p>\n<p><strong>Od 24.11 do 04.12 obni\u017camy ceny wybranych maszyn, technologii, cz\u0119\u015bci i us\u0142ug serwisowych,<\/strong> a do tego dorzucamy finansowanie 0%.<\/p>\n<p>To idealny moment, \u017ceby zdoby\u0107 najlepszy sprz\u0119t \u2014 bez obci\u0105\u017cania bud\u017cetu. Sprawd\u017a nasz\u0105 ofert\u0119!<\/p>\n<p data-start=\"279\" data-end=\"346\">\n<p><span style=\"font-size: 12pt;\">**Oferta ma charakter informacyjny i nie stanowi oferty handlowej w rozumieniu KC (art. 71, art. 63).<\/span><\/p>\n\n            <\/div>\n                            <a href=\"https:\/\/wanicki.pl\/johndeere\/wp-content\/uploads\/sites\/2\/2025\/11\/Regulamin-Akcji-Black-Week-w-Wanicki.pdf\" class=\"btn btn--primary image-with-text__button  btn--custom \"\n                style=\"--custom-color: #367c2b\" >REGULAMIN AKCJI<\/a>\n                            <div class=\"image-with-text__extra-links\">\n                                                                <\/div>\n        \n    <\/div>\n\n<\/div>\n\n\n<div class=\"wp-block-wanicki-image-with-text image-with-text  image-with-text--reversed \">\n\n    <div class=\"image-with-text__image\">\n                    <div class=\"image-with-text__image-photo\"\n                 style=\"background-image: url(https:\/\/wanicki.pl\/johndeere\/wp-content\/uploads\/sites\/2\/2025\/11\/6R-1080x1350b.jpg)\"><\/div>\n            <\/div>\n\n    <div class=\"image-with-text__info  image-with-text__info--reversed  \">\n                    <div class=\"image-with-text__info-title-wrapper\">\n                <h2 class=\"image-with-text__info-title\">Moc, kt\u00f3ra naprawd\u0119 si\u0119 op\u0142aca!<\/h2>\n                                    <\/div>\n                            <div class=\"image-with-text__info-text\">\n                <p>Je\u015bli my\u015blisz o wzmocnieniu gospodarstwa nowym ci\u0105gnikiem, teraz masz ku temu najlepszy pow\u00f3d.<\/p>\n<p><strong>Ci\u0105gnik 6R 215 kupisz teraz taniej a\u017c o 70 000 z\u0142!<\/strong><\/p>\n\n            <\/div>\n                            <a href=\"https:\/\/wanicki.pl\/johndeere\/oferta\/maszyny-rolnicze\/ciagniki\/srednie-ciagniki\/seria-6r\/ciagnik-john-deere-6r-215\/\" class=\"btn btn--primary image-with-text__button  btn--custom \"\n                style=\"--custom-color: #367c2b\" >SPRAWD\u0179 MODEL<\/a>\n                            <div class=\"image-with-text__extra-links\">\n                                                                <\/div>\n        \n    <\/div>\n\n<\/div>\n\n\n<div class=\"wp-block-wanicki-image-with-text image-with-text \">\n\n    <div class=\"image-with-text__image\">\n                    <div class=\"image-with-text__image-photo\"\n                 style=\"background-image: url(https:\/\/wanicki.pl\/johndeere\/wp-content\/uploads\/sites\/2\/2025\/11\/3039R-1080x1350b.jpg)\"><\/div>\n            <\/div>\n\n    <div class=\"image-with-text__info  \">\n                    <div class=\"image-with-text__info-title-wrapper\">\n                <h2 class=\"image-with-text__info-title\">Sprz\u0119t, kt\u00f3ry odmieni Tw\u00f3j ogr\u00f3d!<\/h2>\n                                    <\/div>\n                            <div class=\"image-with-text__info-text\">\n                <p>Wybierz sprawdzone maszyny ogrodowe John Deere w \u015bwietnych cenach i<strong> wygodnym finansowaniu\u00a0 0%. <\/strong><\/p>\n<p>&nbsp;<\/p>\n<p><strong>Kosiarki serii X i ZTRAK\u2013 Finansowanie 10 rat 0%<\/strong><\/p>\n<ul>\n<li>Z370R (elektryczna) \u2013 29 500 z\u0142 brutto<\/li>\n<li>Z515E \u2013 28 280 z\u0142 brutto<\/li>\n<li>X167 \u2013 21 200 z\u0142 brutto<\/li>\n<li>X350R \u2013 28 900 z\u0142 brutto<\/li>\n<\/ul>\n<p><strong>Ci\u0105gniki kompaktowe \u2013 Finansowanie 4 lata 0%!<\/strong><\/p>\n<ul>\n<li>3039R \u2013 178 900 z\u0142 netto<\/li>\n<li>3046R \u2013 190 500 z\u0142 netto<\/li>\n<li>1026R \u2013 102 500 z\u0142 netto<\/li>\n<li>4052R \u2013 199 900 z\u0142 netto<\/li>\n<\/ul>\n<p>&nbsp;<\/p>\n\n            <\/div>\n                            <a href=\"tel:732071205\" class=\"btn btn--primary image-with-text__button  btn--custom \"\n                style=\"--custom-color: #367c2b\" >ZADZWO\u0143 <\/a>\n                            <div class=\"image-with-text__extra-links\">\n                                                                <\/div>\n        \n    <\/div>\n\n<\/div>\n\n\n<div class=\"wp-block-wanicki-image-with-text image-with-text  image-with-text--reversed \">\n\n    <div class=\"image-with-text__image\">\n                    <div class=\"image-with-text__image-photo\"\n                 style=\"background-image: url(https:\/\/wanicki.pl\/johndeere\/wp-content\/uploads\/sites\/2\/2025\/11\/precyzyjne-1080x1350b.jpg)\"><\/div>\n            <\/div>\n\n    <div class=\"image-with-text__info  image-with-text__info--reversed  \">\n                    <div class=\"image-with-text__info-title-wrapper\">\n                <h2 class=\"image-with-text__info-title\">Precyzja, kt\u00f3ra realnie oszcz\u0119dza czas i paliwo!<\/h2>\n                                    <\/div>\n                            <div class=\"image-with-text__info-text\">\n                <p>Je\u015bli chcesz pracowa\u0107 szybciej, dok\u0142adniej i z mniejszymi kosztami \u2014 to w\u0142a\u015bnie ten moment, \u017ceby wej\u015b\u0107 w technologie precyzyjne John Deere.<\/p>\n<p>Przygotowali\u015bmy pakiet, kt\u00f3ry pozwala zacz\u0105\u0107 bez du\u017cych inwestycji, a daje realne efekty ju\u017c od pierwszego dnia pracy.<\/p>\n<p>&nbsp;<\/p>\n<p><strong>Pakiet Essential \u2013 specjalna oferta<\/strong><\/p>\n<ul>\n<li><strong>Darmowa licencja<\/strong> sygna\u0142u SF\u2013RTK<\/li>\n<li><strong>Finansowanie 3 lata 0%<\/strong><\/li>\n<li>Rata ju\u017c <strong>od 387 z\u0142<\/strong> miesi\u0119cznie<\/li>\n<\/ul>\n\n            <\/div>\n                            <a href=\"https:\/\/wanicki.pl\/johndeere\/pakiet-essentials\/\" class=\"btn btn--primary image-with-text__button  btn--custom \"\n                style=\"--custom-color: #367c2b\" >WI\u0118CEJ O PAKIECIE ESSENTIALS<\/a>\n                            <div class=\"image-with-text__extra-links\">\n                                                                <\/div>\n        \n    <\/div>\n\n<\/div>\n\n\n<div class=\"wp-block-wanicki-image-with-text image-with-text \">\n\n    <div class=\"image-with-text__image\">\n                    <div class=\"image-with-text__image-photo\"\n                 style=\"background-image: url(https:\/\/wanicki.pl\/johndeere\/wp-content\/uploads\/sites\/2\/2025\/11\/serwis-1080x1350b.jpg)\"><\/div>\n            <\/div>\n\n    <div class=\"image-with-text__info  \">\n                    <div class=\"image-with-text__info-title-wrapper\">\n                <h2 class=\"image-with-text__info-title\">Daj swojej maszynie now\u0105 energi\u0119 na kolejny sezon!<\/h2>\n                                    <\/div>\n                            <div class=\"image-with-text__info-text\">\n                <p>Przygotowali\u015bmy specjalny pakiet serwisowy, kt\u00f3ry pozwoli Ci kompleksowo od\u015bwie\u017cy\u0107 maszyn\u0119 przed kolejnym sezonem.<\/p>\n<p><strong>W ramach us\u0142ugi wykonamy wymian\u0119 olej\u00f3w i filtr\u00f3w oraz diagnostyk\u0119 komputerow\u0105.<\/strong> <strong>Koszt robocizny &#8211; 500 z\u0142 netto.<\/strong><\/p>\n<p>Dodatkowo otrzymasz <strong>20% rabatu na wszystkie cz\u0119\u015bci<\/strong> wykorzystane podczas naprawy.<\/p>\n<p>To szybki i op\u0142acalny spos\u00f3b, aby mie\u0107 pewno\u015b\u0107, \u017ce Twoja maszyna jest w pe\u0142ni gotowa do pracy, a przy tym nie przep\u0142aca\u0107 za obs\u0142ug\u0119.<\/p>\n\n            <\/div>\n                            <a href=\"tel:732071219\" class=\"btn btn--primary image-with-text__button  btn--custom \"\n                style=\"--custom-color: #367c2b\" >UM\u00d3W SI\u0118 JU\u017b DZI\u015a<\/a>\n                            <div class=\"image-with-text__extra-links\">\n                                                                <\/div>\n        \n    <\/div>\n\n<\/div>\n\n\n<div class=\"wp-block-wanicki-image-with-text image-with-text  image-with-text--reversed \">\n\n    <div class=\"image-with-text__image\">\n                    <div class=\"image-with-text__image-photo\"\n                 style=\"background-image: url(https:\/\/wanicki.pl\/johndeere\/wp-content\/uploads\/sites\/2\/2025\/11\/smar-1080x1350b.jpg)\"><\/div>\n            <\/div>\n\n    <div class=\"image-with-text__info  image-with-text__info--reversed  \">\n                    <div class=\"image-with-text__info-title-wrapper\">\n                <h2 class=\"image-with-text__info-title\">Cz\u0119\u015bci, kt\u00f3re trzymaj\u0105 Twoj\u0105 maszyn\u0119 w formie!<\/h2>\n                                    <\/div>\n                            <div class=\"image-with-text__info-text\">\n                <p>Wybrali\u015bmy najpotrzebniejsze cz\u0119\u015bci, kt\u00f3re na co dzie\u0144 dbaj\u0105 o sprawno\u015b\u0107 Twoich maszyn \u2014 i przygotowali\u015bmy je<strong> w specjalnych, obni\u017conych cenach. <\/strong><\/p>\n<p><strong>Filtry, dr\u0105\u017cki, zaczepy i smary<\/strong> \u2014 wszystko, co wp\u0142ywa na niezawodno\u015b\u0107 pracy, masz teraz pod r\u0119k\u0105, jasno opisane i gotowe do wyboru.<\/p>\n<p>&nbsp;<\/p>\n<p><strong>FILTRY<\/strong><\/p>\n<ul>\n<li>Filtr powietrza John Deere: 220 z\u0142 brutto<\/li>\n<li>Filtr paliwa John Deere: 110 z\u0142 brutto<\/li>\n<li>Filtr oleju silnikowego: 48 z\u0142 brutto<\/li>\n<li>Filtr paliwa John Deere (DZI128542): 240 z\u0142 brutto<\/li>\n<li>Zestaw filtr\u00f3w kabinowych z w\u0119glem aktywnym: 3 321 z\u0142 brutto<\/li>\n<\/ul>\n<p><strong>DR\u0104\u017bKI KIEROWNICZE<\/strong><\/p>\n<ul>\n<li>Zesp\u00f3\u0142 dr\u0105\u017cka kierowniczego: 1 500 z\u0142 brutto<\/li>\n<li>Ko\u0144c\u00f3wka dr\u0105\u017cka kierowniczego: 2 091 z\u0142 brutto<\/li>\n<\/ul>\n<p><strong>ZACZEPY<\/strong><\/p>\n<ul>\n<li>\u0141\u0105cznik g\u00f3rny kat. 2: 2 091 z\u0142 brutto<\/li>\n<li>Zaczep transportowy automatyczny: 3 600 z\u0142 brutto<\/li>\n<\/ul>\n<p><strong>SMAR<\/strong><\/p>\n<ul>\n<li>Smar Grease-Gard Premium Plus 400 g: 20 z\u0142 brutto<\/li>\n<\/ul>\n\n            <\/div>\n                            <a href=\"tel:732059056\" class=\"btn btn--primary image-with-text__button  btn--custom \"\n                style=\"--custom-color: #367c2b\" >ZADZWO\u0143<\/a>\n                            <div class=\"image-with-text__extra-links\">\n                                                                <\/div>\n        \n    <\/div>\n\n<\/div>\n\n\n<div class=\"wp-block-wanicki-job-form job-form__container\" id=\"formularz\">\n    <div class=\"container job-form\">\n        <div class=\"job-form__info\">\n            <h2 class=\"job-form__info-title\">Zainteresowany nasz\u0105 ofert\u0105? <\/h2>\n                    <p class=\"job-form__info-text\">\n                NIE CZEKAJ! Wype\u0142nij formularz kontaktowy, a my skontaktujemy si\u0119 i przedstawimy szczeg\u00f3\u0142y.\n            <\/p>\n        <\/div>\n        <div class=\"job-form__form\">\n            \n<div class=\"wpcf7 no-js\" id=\"wpcf7-f4857-o1\" lang=\"pl-PL\" dir=\"ltr\" data-wpcf7-id=\"4857\">\n<div class=\"screen-reader-response\"><p role=\"status\" aria-live=\"polite\" aria-atomic=\"true\"><\/p> <ul><\/ul><\/div>\n<form action=\"\/johndeere\/wp-json\/wp\/v2\/pages\/4829#wpcf7-f4857-o1\" method=\"post\" class=\"wpcf7-form init\" aria-label=\"Formularz kontaktowy\" novalidate=\"novalidate\" data-status=\"init\">\n<fieldset class=\"hidden-fields-container\"><input type=\"hidden\" name=\"_wpcf7\" value=\"4857\" \/><input type=\"hidden\" name=\"_wpcf7_version\" value=\"6.1.5\" \/><input type=\"hidden\" name=\"_wpcf7_locale\" value=\"pl_PL\" \/><input type=\"hidden\" name=\"_wpcf7_unit_tag\" value=\"wpcf7-f4857-o1\" \/><input type=\"hidden\" name=\"_wpcf7_container_post\" value=\"0\" \/><input type=\"hidden\" name=\"_wpcf7_posted_data_hash\" value=\"\" \/><input type=\"hidden\" name=\"_wpcf7_recaptcha_response\" value=\"\" \/>\n<\/fieldset>\n<div class=\"form-columns\">\n\t<p><label><span class=\"form-label\">Imi\u0119*<\/span><span class=\"wpcf7-form-control-wrap\" data-name=\"your-name\"><input size=\"40\" maxlength=\"400\" class=\"wpcf7-form-control wpcf7-text wpcf7-validates-as-required\" aria-required=\"true\" aria-invalid=\"false\" value=\"\" type=\"text\" name=\"your-name\" \/><\/span><\/label><br \/>\n<label><span class=\"form-label\">Nazwisko*<\/span><span class=\"wpcf7-form-control-wrap\" data-name=\"your-surname\"><input size=\"40\" maxlength=\"400\" class=\"wpcf7-form-control wpcf7-text\" aria-invalid=\"false\" value=\"\" type=\"text\" name=\"your-surname\" \/><\/span><\/label>\n\t<\/p>\n<\/div>\n<div class=\"form-columns\">\n\t<p><label><span class=\"form-label\">Email*<\/span><span class=\"wpcf7-form-control-wrap\" data-name=\"your-email\"><input size=\"40\" maxlength=\"400\" class=\"wpcf7-form-control wpcf7-email wpcf7-validates-as-required wpcf7-text wpcf7-validates-as-email\" aria-required=\"true\" aria-invalid=\"false\" value=\"\" type=\"email\" name=\"your-email\" \/><\/span><\/label><br \/>\n<label><span class=\"form-label\">Numer telefonu*<\/span><span class=\"wpcf7-form-control-wrap\" data-name=\"your-phone\"><input size=\"40\" maxlength=\"400\" class=\"wpcf7-form-control wpcf7-tel wpcf7-validates-as-required wpcf7-text wpcf7-validates-as-tel\" aria-required=\"true\" aria-invalid=\"false\" value=\"\" type=\"tel\" name=\"your-phone\" \/><\/span><\/label>\n\t<\/p>\n<\/div>\n<div class=\"form-columns\">\n\t<p><label><span class=\"form-label\">Kod pocztowy*<\/span><span class=\"wpcf7-form-control-wrap\" data-name=\"your-postcode\"><input size=\"40\" maxlength=\"400\" class=\"wpcf7-form-control wpcf7-text wpcf7-validates-as-required\" aria-required=\"true\" aria-invalid=\"false\" value=\"\" type=\"text\" name=\"your-postcode\" \/><\/span><\/label><br \/>\n<label><span class=\"form-label\">Interesuje mnie*<\/span><span class=\"wpcf7-form-control-wrap\" data-name=\"your-vehicle\"><input size=\"40\" maxlength=\"400\" class=\"wpcf7-form-control wpcf7-text wpcf7-validates-as-required\" aria-required=\"true\" aria-invalid=\"false\" placeholder=\"wpisz rodzaj\/model maszyny...\" value=\"\" type=\"text\" name=\"your-vehicle\" \/><\/span><\/label>\n\t<\/p>\n<\/div>\n<div class=\"checkbox-input\" style=\"font-size: 0.75em\">\n\t<p>        <span class=\"wpcf7-form-control-wrap\" data-name=\"checkall-69f39f4c5adc4\">\r\n            <span class=\"wpcf7-form-control wpcf7-acceptance optional\">\r\n                <span class=\"wpcf7-list-item\">\r\n                    <input type=\"checkbox\" name=\"checkall-69f39f4c5adc4\" aria-invalid=\"false\" id=\"checkall-69f39f4c5adc4\" \/>\r\n                <\/span>\r\n            <\/span>\r\n        <\/span>\r\n        <div>\r\n            <p>\r\n                Zaznacz wszystkie pola            <\/p>\r\n        <\/div>\r\n    \n\t<\/p>\n<\/div>\n<div class=\"checkbox-input\" style=\"font-size: 0.75em\">\n\t<p><span class=\"wpcf7-form-control-wrap\" data-name=\"your-acceptance\"><span class=\"wpcf7-form-control wpcf7-acceptance\"><span class=\"wpcf7-list-item\"><input type=\"checkbox\" name=\"your-acceptance\" value=\"1\" aria-invalid=\"false\" \/><\/span><\/span><\/span>\n\t<\/p>\n\t<div>\n\t\t<p>*O\u015bwiadczam, \u017ce zapozna\u0142em si\u0119 z <a href='\/polityka-prywatnosci\/' target=\"_blank\">Polityk\u0105 prywatno\u015bci oraz Regulaminem \u015bwiadczenia us\u0142ug drog\u0105 elektroniczn\u0105<\/a> i akceptuj\u0119 ich tre\u015b\u0107.\n\t\t<\/p>\n\t<\/div>\n<\/div>\n<div class=\"checkbox-input\" style=\"font-size: 0.75em\">\n\t<p><span class=\"wpcf7-form-control-wrap\" data-name=\"your-acceptance-info\"><span class=\"wpcf7-form-control wpcf7-acceptance optional\"><span class=\"wpcf7-list-item\"><input type=\"checkbox\" name=\"your-acceptance-info\" value=\"1\" aria-invalid=\"false\" \/><\/span><\/span><\/span>\n\t<\/p>\n\t<div>\n\t\t<p>Wyra\u017cam zgod\u0119 na przesy\u0142anie informacji handlowej skierowanej za pomoc\u0105 \u015brodk\u00f3w komunikacji elektronicznej oraz na u\u017cywanie telekomunikacyjnych urz\u0105dze\u0144 ko\u0144cowych i automatycznych system\u00f3w wywo\u0142uj\u0105cych dla cel\u00f3w marketingu bezpo\u015bredniego przez Grup\u0119 Wanicki*\n\t\t<\/p>\n\t<\/div>\n<\/div>\n<div style=\"font-size: 0.75em\">\n\t<p>Zgoda obejmuje kontakt za po\u015brednictwem:\n\t<\/p>\n<\/div>\n<div class=\"checkbox-input\" style=\"font-size: 0.75em\">\n\t<p><span class=\"wpcf7-form-control-wrap\" data-name=\"your-acceptance-email\"><span class=\"wpcf7-form-control wpcf7-acceptance optional\"><span class=\"wpcf7-list-item\"><input type=\"checkbox\" name=\"your-acceptance-email\" value=\"1\" aria-invalid=\"false\" \/><\/span><\/span><\/span>\n\t<\/p>\n\t<div>\n\t\t<p>E-mail\n\t\t<\/p>\n\t<\/div>\n<\/div>\n<div class=\"checkbox-input\" style=\"font-size: 0.75em\">\n\t<p><span class=\"wpcf7-form-control-wrap\" data-name=\"your-acceptance-sms\"><span class=\"wpcf7-form-control wpcf7-acceptance optional\"><span class=\"wpcf7-list-item\"><input type=\"checkbox\" name=\"your-acceptance-sms\" value=\"1\" aria-invalid=\"false\" \/><\/span><\/span><\/span>\n\t<\/p>\n\t<div>\n\t\t<p>SMS\n\t\t<\/p>\n\t<\/div>\n<\/div>\n<div class=\"checkbox-input\" style=\"font-size: 0.75em\">\n\t<p><span class=\"wpcf7-form-control-wrap\" data-name=\"your-acceptance-tel\"><span class=\"wpcf7-form-control wpcf7-acceptance optional\"><span class=\"wpcf7-list-item\"><input type=\"checkbox\" name=\"your-acceptance-tel\" value=\"1\" aria-invalid=\"false\" \/><\/span><\/span><\/span>\n\t<\/p>\n\t<div>\n\t\t<p>Kontakt telefoniczny\n\t\t<\/p>\n\t<\/div>\n<\/div>\n<div style=\"font-size: 0.75em\">\n\t<p>*przez Grup\u0119 Wanicki rozumie si\u0119 nast\u0119puj\u0105ce sp\u00f3\u0142ki: Firma Wanicki sp. z o.o. z siedzib\u0105 w Mogilanach, ul. My\u015blenicka 19, 32-031 Mogilany, KRS: 0000214618; Wanicki Serwis sp. z o.o. z siedzib\u0105 w Mogilanach, ul. My\u015blenicka 19, 32.-031 Mogilany, KRS: 0000225703, MW Wanicki sp. z o.o. z siedzib\u0105 w Mogilanach, ul. My\u015blenicka 19, 32.-031 Mogilany, KRS: 0000290954; BW Wanicki sp. z o.o. z siedzib\u0105 w Mogilanach, ul. My\u015blenicka 19, 32.-031 Mogilany, KRS: 0000277732; SW Wanicki sp. z o.o. z siedzib\u0105 w Mogilanach, ul. My\u015blenicka 19, 32.-031 Mogilany, KRS: 0000318232; Nedpol Truck Service sp. z o.o. z siedzib\u0105 w Romanowie, Roman\u00f3w 10b, 42-260 Roman\u00f3w, KRS: 0000062292; WW Wanicki sp. z o.o. z siedzib\u0105 w Trzcianie, Trzciana 162, 36-071 Trzciana, KRS: 0000214811; PT Wanicki sp. z o.o. z siedzib\u0105 w Mogilanach, ul. My\u015blenicka 19, 32.-031 Mogilany, KRS: 0001069064; Wanicki Rental sp. z o.o. z siedzib\u0105 w Mogilanach, ul. My\u015blenicka 19, 32.-031 Mogilany, KRS: 0000997992.\n\t<\/p>\n<\/div>\n<p><input class=\"wpcf7-form-control wpcf7-submit has-spinner\" type=\"submit\" value=\"Prosz\u0119 o kontakt\" \/>\n<\/p><div class=\"wpcf7-response-output\" aria-hidden=\"true\"><\/div>\n<\/form>\n<\/div>\n        <\/div>\n    <\/div>\n<\/div>\n\n\n\n<p><\/p>\n","protected":false},"excerpt":{"rendered":"","protected":false},"author":2,"featured_media":4870,"parent":0,"menu_order":0,"comment_status":"closed","ping_status":"closed","template":"","meta":{"_acf_changed":false,"_seopress_robots_primary_cat":"","_seopress_titles_title":"Black Week w Wanicki","_seopress_titles_desc":"Najwi\u0119ksza akcja roku! Maszyny, technologie, cz\u0119\u015bci i serwis w specjalnych cenach oraz finansowanie 0%. Sprawd\u017a limitowane oferty i oszcz\u0119dzaj.","_seopress_robots_index":"","inline_featured_image":false,"footnotes":""},"class_list":["post-4829","page","type-page","status-publish","has-post-thumbnail","hentry"],"acf":[],"_links":{"self":[{"href":"https:\/\/wanicki.pl\/johndeere\/wp-json\/wp\/v2\/pages\/4829","targetHints":{"allow":["GET"]}}],"collection":[{"href":"https:\/\/wanicki.pl\/johndeere\/wp-json\/wp\/v2\/pages"}],"about":[{"href":"https:\/\/wanicki.pl\/johndeere\/wp-json\/wp\/v2\/types\/page"}],"author":[{"embeddable":true,"href":"https:\/\/wanicki.pl\/johndeere\/wp-json\/wp\/v2\/users\/2"}],"replies":[{"embeddable":true,"href":"https:\/\/wanicki.pl\/johndeere\/wp-json\/wp\/v2\/comments?post=4829"}],"version-history":[{"count":24,"href":"https:\/\/wanicki.pl\/johndeere\/wp-json\/wp\/v2\/pages\/4829\/revisions"}],"predecessor-version":[{"id":4918,"href":"https:\/\/wanicki.pl\/johndeere\/wp-json\/wp\/v2\/pages\/4829\/revisions\/4918"}],"wp:featuredmedia":[{"embeddable":true,"href":"https:\/\/wanicki.pl\/johndeere\/wp-json\/wp\/v2\/media\/4870"}],"wp:attachment":[{"href":"https:\/\/wanicki.pl\/johndeere\/wp-json\/wp\/v2\/media?parent=4829"}],"curies":[{"name":"wp","href":"https:\/\/api.w.org\/{rel}","templated":true}]}}