{"id":38,"date":"2025-09-26T11:58:39","date_gmt":"2025-09-26T09:58:39","guid":{"rendered":"https:\/\/wanicki.pl\/naprawiamywszystko\/?page_id=38"},"modified":"2025-10-07T14:55:39","modified_gmt":"2025-10-07T12:55:39","slug":"blacharnia","status":"publish","type":"page","link":"https:\/\/wanicki.pl\/naprawiamywszystko\/blacharnia\/","title":{"rendered":"BLACHARNIA"},"content":{"rendered":"<div class=\"wp-block-wanicki-hero-header hero-header\">\n    <div class=\"hero-header__image hero-header__image--desktop\"\n          style=\"background-image: url(https:\/\/wanicki.pl\/naprawiamywszystko\/wp-content\/uploads\/sites\/21\/2025\/09\/Z624342_Easy-Resize.com_.jpg)\" ><\/div>\n    <div class=\"hero-header__image hero-header__image--mobile\"\n          style=\"background-image: url(https:\/\/wanicki.pl\/naprawiamywszystko\/wp-content\/uploads\/sites\/21\/2025\/09\/Z624342_Easy-Resize.com_.jpg)\"\n            >\n    <\/div>\n    <div class=\"hero-header__container container\">\n        <h1 class=\"hero-header__title\"><strong>BLACHARNIA<\/strong><\/h1>\n                    <div class=\"hero-header__subtitle\"><p>PROFESJONALNE NAPRAWY BLACHARSKIE WSZYSTKICH POJAZD\u00d3W<\/p>\n<\/div>\n                            <a href=\"tel:+48 817 105 575\"\n               class=\"btn \"\n                           >ZADZWO\u0143<\/a>\n            <\/div>\n<\/div>\n\n\n<div class=\"wp-block-wanicki-job-form job-form__container\" id=\"\">\n    <div class=\"container job-form\">\n        <div class=\"job-form__info\">\n            <h2 class=\"job-form__info-title\">MASZ PYTANIE?<\/h2>\n                    <p class=\"job-form__info-text\">\n                Skontaktuj si\u0119 z nami! \n            <\/p>\n        <\/div>\n        <div class=\"job-form__form\">\n            \n<div class=\"wpcf7 no-js\" id=\"wpcf7-f125-o1\" lang=\"pl-PL\" dir=\"ltr\" data-wpcf7-id=\"125\">\n<div class=\"screen-reader-response\"><p role=\"status\" aria-live=\"polite\" aria-atomic=\"true\"><\/p> <ul><\/ul><\/div>\n<form action=\"\/naprawiamywszystko\/wp-json\/wp\/v2\/pages\/38#wpcf7-f125-o1\" method=\"post\" class=\"wpcf7-form init\" aria-label=\"Formularz kontaktowy\" novalidate=\"novalidate\" data-status=\"init\">\n<fieldset class=\"hidden-fields-container\"><input type=\"hidden\" name=\"_wpcf7\" value=\"125\" \/><input type=\"hidden\" name=\"_wpcf7_version\" value=\"6.1.5\" \/><input type=\"hidden\" name=\"_wpcf7_locale\" value=\"pl_PL\" \/><input type=\"hidden\" name=\"_wpcf7_unit_tag\" value=\"wpcf7-f125-o1\" \/><input type=\"hidden\" name=\"_wpcf7_container_post\" value=\"0\" \/><input type=\"hidden\" name=\"_wpcf7_posted_data_hash\" value=\"\" \/>\n<\/fieldset>\n<div class=\"form-columns\">\n\t<p><label><span class=\"form-label\">Imi\u0119*<\/span><span class=\"wpcf7-form-control-wrap\" data-name=\"your-name\"><input size=\"40\" maxlength=\"400\" class=\"wpcf7-form-control wpcf7-text wpcf7-validates-as-required\" aria-required=\"true\" aria-invalid=\"false\" value=\"\" type=\"text\" name=\"your-name\" \/><\/span><\/label><br \/>\n<label><span class=\"form-label\">Nazwisko*<\/span><span class=\"wpcf7-form-control-wrap\" data-name=\"your-surname\"><input size=\"40\" maxlength=\"400\" class=\"wpcf7-form-control wpcf7-text wpcf7-validates-as-required\" aria-required=\"true\" aria-invalid=\"false\" value=\"\" type=\"text\" name=\"your-surname\" \/><\/span><\/label>\n\t<\/p>\n<\/div>\n<div class=\"form-columns\">\n\t<p><label><span class=\"form-label\">Email*<\/span><span class=\"wpcf7-form-control-wrap\" data-name=\"your-email\"><input size=\"40\" maxlength=\"400\" class=\"wpcf7-form-control wpcf7-email wpcf7-validates-as-required wpcf7-text wpcf7-validates-as-email\" aria-required=\"true\" aria-invalid=\"false\" value=\"\" type=\"email\" name=\"your-email\" \/><\/span><\/label><br \/>\n<label><span class=\"form-label\">Numer telefonu*<\/span><span class=\"wpcf7-form-control-wrap\" data-name=\"your-phone\"><input size=\"40\" maxlength=\"400\" class=\"wpcf7-form-control wpcf7-tel wpcf7-validates-as-required wpcf7-text wpcf7-validates-as-tel\" aria-required=\"true\" aria-invalid=\"false\" value=\"\" type=\"tel\" name=\"your-phone\" \/><\/span><\/label><br \/>\n<label><span class=\"form-label\">Kod pocztowy*<\/span><span class=\"wpcf7-form-control-wrap\" data-name=\"your-postcode\"><input size=\"40\" maxlength=\"400\" class=\"wpcf7-form-control wpcf7-text wpcf7-validates-as-required\" aria-required=\"true\" aria-invalid=\"false\" value=\"\" type=\"text\" name=\"your-postcode\" \/><\/span><\/label>\n\t<\/p>\n<\/div>\n<p><label><span class=\"form-label\">Pytanie*<\/span><span class=\"wpcf7-form-control-wrap\" data-name=\"your-question\"><input size=\"40\" maxlength=\"400\" class=\"wpcf7-form-control wpcf7-text wpcf7-validates-as-required\" aria-required=\"true\" aria-invalid=\"false\" value=\"\" type=\"text\" name=\"your-question\" \/><\/span><\/label>\n<\/p>\n<div class=\"checkbox-input\" style=\"font-size: 0.75em\">\n\t<p><span class=\"wpcf7-form-control-wrap\" data-name=\"your-acceptance\"><span class=\"wpcf7-form-control wpcf7-acceptance\"><span class=\"wpcf7-list-item\"><input type=\"checkbox\" name=\"your-acceptance\" value=\"1\" aria-invalid=\"false\" \/><\/span><\/span><\/span>\n\t<\/p>\n\t<div>\n\t\t<p>*O\u015bwiadczam, \u017ce zapozna\u0142em si\u0119 z <a href='\/polityka-prywatnosci\/' target=\"_blank\">Polityk\u0105 prywatno\u015bci oraz Regulaminem \u015bwiadczenia us\u0142ug drog\u0105 elektroniczn\u0105<\/a> i akceptuj\u0119 ich tre\u015b\u0107.\n\t\t<\/p>\n\t<\/div>\n<\/div>\n<div class=\"checkbox-input\" style=\"font-size: 0.75em\">\n\t<p><span class=\"wpcf7-form-control-wrap\" data-name=\"your-acceptance-info\"><span class=\"wpcf7-form-control wpcf7-acceptance optional\"><span class=\"wpcf7-list-item\"><input type=\"checkbox\" name=\"your-acceptance-info\" value=\"1\" aria-invalid=\"false\" \/><\/span><\/span><\/span>\n\t<\/p>\n\t<div>\n\t\t<p>Wyra\u017cam zgod\u0119 na przesy\u0142anie informacji handlowej skierowanej za pomoc\u0105 \u015brodk\u00f3w komunikacji elektronicznej oraz na u\u017cywanie telekomunikacyjnych urz\u0105dze\u0144 ko\u0144cowych i automatycznych system\u00f3w wywo\u0142uj\u0105cych dla cel\u00f3w marketingu bezpo\u015bredniego przez Grup\u0119 Wanicki*\n\t\t<\/p>\n\t<\/div>\n<\/div>\n<div style=\"font-size: 0.75em\">\n\t<p>Zgoda obejmuje kontakt za po\u015brednictwem:\n\t<\/p>\n<\/div>\n<div class=\"checkbox-input\" style=\"font-size: 0.75em\">\n\t<p>        <span class=\"wpcf7-form-control-wrap\" data-name=\"checkall-69d27115af6b6\">\r\n            <span class=\"wpcf7-form-control wpcf7-acceptance optional\">\r\n                <span class=\"wpcf7-list-item\">\r\n                    <input type=\"checkbox\" name=\"checkall-69d27115af6b6\" aria-invalid=\"false\" id=\"checkall-69d27115af6b6\" \/>\r\n                <\/span>\r\n            <\/span>\r\n        <\/span>\r\n        <div>\r\n            <p>\r\n                <br \/>\nZaznacz wszystkie pola            <\/p>\r\n        <\/div>\r\n    \n\t<\/p>\n<\/div>\n<div class=\"checkbox-input\" style=\"font-size: 0.75em\">\n\t<p><span class=\"wpcf7-form-control-wrap\" data-name=\"your-acceptance-email\"><span class=\"wpcf7-form-control wpcf7-acceptance optional\"><span class=\"wpcf7-list-item\"><input type=\"checkbox\" name=\"your-acceptance-email\" value=\"1\" aria-invalid=\"false\" \/><\/span><\/span><\/span>\n\t<\/p>\n\t<div>\n\t\t<p>E-mail\n\t\t<\/p>\n\t<\/div>\n<\/div>\n<div class=\"checkbox-input\" style=\"font-size: 0.75em\">\n\t<p><span class=\"wpcf7-form-control-wrap\" data-name=\"your-acceptance-sms\"><span class=\"wpcf7-form-control wpcf7-acceptance optional\"><span class=\"wpcf7-list-item\"><input type=\"checkbox\" name=\"your-acceptance-sms\" value=\"1\" aria-invalid=\"false\" \/><\/span><\/span><\/span>\n\t<\/p>\n\t<div>\n\t\t<p>SMS\n\t\t<\/p>\n\t<\/div>\n<\/div>\n<div class=\"checkbox-input\" style=\"font-size: 0.75em\">\n\t<p><span class=\"wpcf7-form-control-wrap\" data-name=\"your-acceptance-tel\"><span class=\"wpcf7-form-control wpcf7-acceptance optional\"><span class=\"wpcf7-list-item\"><input type=\"checkbox\" name=\"your-acceptance-tel\" value=\"1\" aria-invalid=\"false\" \/><\/span><\/span><\/span>\n\t<\/p>\n\t<div>\n\t\t<p>Kontakt telefoniczny\n\t\t<\/p>\n\t<\/div>\n<\/div>\n<div style=\"font-size: 0.75em\">\n\t<p>*przez Grup\u0119 Wanicki rozumie si\u0119 nast\u0119puj\u0105ce sp\u00f3\u0142ki: Firma Wanicki sp. z o.o. z siedzib\u0105 w Mogilanach, ul. My\u015blenicka 19, 32-031 Mogilany, KRS: 0000214618; Wanicki Serwis sp. z o.o. z siedzib\u0105 w Mogilanach, ul. My\u015blenicka 19, 32.-031 Mogilany, KRS: 0000225703, MW Wanicki sp. z o.o. z siedzib\u0105 w Mogilanach, ul. My\u015blenicka 19, 32.-031 Mogilany, KRS: 0000290954; BW Wanicki sp. z o.o. z siedzib\u0105 w Mogilanach, ul. My\u015blenicka 19, 32.-031 Mogilany, KRS: 0000277732; SW Wanicki sp. z o.o. z siedzib\u0105 w Mogilanach, ul. My\u015blenicka 19, 32.-031 Mogilany, KRS: 0000318232; Nedpol Truck Service sp. z o.o. z siedzib\u0105 w Romanowie, Roman\u00f3w 10b, 42-260 Roman\u00f3w, KRS: 0000062292; WW Wanicki sp. z o.o. z siedzib\u0105 w Trzcianie, Trzciana 162, 36-071 Trzciana, KRS: 0000214811; PT Wanicki sp. z o.o. z siedzib\u0105 w Mogilanach, ul. My\u015blenicka 19, 32.-031 Mogilany, KRS: 0001069064; Wanicki Rental sp. z o.o. z siedzib\u0105 w Mogilanach, ul. My\u015blenicka 19, 32.-031 Mogilany, KRS: 0000997992.\n\t<\/p>\n<\/div>\n<p><input class=\"wpcf7-form-control wpcf7-submit has-spinner\" type=\"submit\" value=\"Wy\u015blij wiadomo\u015b\u0107\" \/>\n<\/p><div class=\"wpcf7-response-output\" aria-hidden=\"true\"><\/div>\n<\/form>\n<\/div>\n        <\/div>\n    <\/div>\n<\/div>\n\n\n<div class=\"wp-block-wanicki-image-with-text image-with-text \">\n\n    <div class=\"image-with-text__image\">\n                    <div class=\"image-with-text__image-photo\"\n                 style=\"background-image: url(https:\/\/wanicki.pl\/naprawiamywszystko\/wp-content\/uploads\/sites\/21\/2025\/10\/AdobeStock_1023345240-scaled.jpeg)\"><\/div>\n            <\/div>\n\n    <div class=\"image-with-text__info  \">\n                    <div class=\"image-with-text__info-title-wrapper\">\n                <h2 class=\"image-with-text__info-title\">ZAKRES US\u0141UG BLACHARSKICH<\/h2>\n                                    <\/div>\n                            <div class=\"image-with-text__info-text\">\n                <ul>\n<li data-start=\"1760\" data-end=\"1803\">\n<p data-start=\"1762\" data-end=\"1803\">naprawy powypadkowe pojazd\u00f3w ci\u0119\u017carowych <strong>wszystkich marek<\/strong><\/p>\n<\/li>\n<li data-start=\"1804\" data-end=\"1863\">\n<p data-start=\"1806\" data-end=\"1863\">naprawy powypadkowe samochod\u00f3w osobowych i dostawczych,<\/p>\n<\/li>\n<li data-start=\"1864\" data-end=\"1910\">\n<p data-start=\"1866\" data-end=\"1910\">blacharka samochod\u00f3w ci\u0119\u017carowych i naczep,<\/p>\n<\/li>\n<li data-start=\"1911\" data-end=\"1951\">\n<p data-start=\"1913\" data-end=\"1951\">prostowanie ram i element\u00f3w no\u015bnych,<\/p>\n<\/li>\n<li data-start=\"1952\" data-end=\"1993\">\n<p data-start=\"1954\" data-end=\"1993\">naprawy i odbudowa kabin ci\u0119\u017carowych,<\/p>\n<\/li>\n<li data-start=\"1994\" data-end=\"2035\">\n<p data-start=\"1996\" data-end=\"2035\">wymiana i monta\u017c element\u00f3w karoserii,<\/p>\n<\/li>\n<li data-start=\"2036\" data-end=\"2078\">\n<p data-start=\"2038\" data-end=\"2078\">przygotowanie pojazdu do lakierowania.<\/p>\n<\/li>\n<li>usuwanie wgniece\u0144 i szk\u00f3d parkingowych.<\/li>\n<\/ul>\n\n            <\/div>\n                                    <div class=\"image-with-text__extra-links\">\n                                                                <\/div>\n        \n    <\/div>\n\n<\/div>\n\n\n<div class=\"wp-block-wanicki-image-with-text image-with-text  image-with-text--reversed \">\n\n    <div class=\"image-with-text__image\">\n                    <div class=\"image-with-text__image-photo\"\n                 style=\"background-image: url(https:\/\/wanicki.pl\/naprawiamywszystko\/wp-content\/uploads\/sites\/21\/2025\/10\/Przechwytywaniesccsfscvsdds.png)\"><\/div>\n            <\/div>\n\n    <div class=\"image-with-text__info  image-with-text__info--reversed  \">\n                    <div class=\"image-with-text__info-title-wrapper\">\n                <h2 class=\"image-with-text__info-title\">Dlaczego warto wybra\u0107 nasz\u0105 blacharni\u0119?<\/h2>\n                                    <\/div>\n                            <div class=\"image-with-text__info-text\">\n                <ul>\n<li data-start=\"894\" data-end=\"1003\">\n<p data-start=\"896\" data-end=\"1003\"><strong data-start=\"896\" data-end=\"925\">Wieloletnie do\u015bwiadczenie<\/strong> \u2013 setki zrealizowanych napraw powypadkowych r\u00f3\u017cnych marek i typ\u00f3w pojazd\u00f3w.<\/p>\n<\/li>\n<li data-start=\"1004\" data-end=\"1154\">\n<p data-start=\"1006\" data-end=\"1154\"><strong data-start=\"1006\" data-end=\"1027\">Nowoczesny sprz\u0119t<\/strong> \u2013 stanowiska do prostowania ram, urz\u0105dzenia pomiarowe i narz\u0119dzia do bezpiecznego monta\u017cu\/naprawy element\u00f3w konstrukcyjnych.<\/p>\n<\/li>\n<li data-start=\"1155\" data-end=\"1263\">\n<p data-start=\"1157\" data-end=\"1263\"><strong data-start=\"1157\" data-end=\"1180\">Kompleksowa obs\u0142uga<\/strong> \u2013 od drobnych napraw karoserii po skomplikowane uszkodzenia konstrukcji pojazdu.<\/p>\n<\/li>\n<li data-start=\"1264\" data-end=\"1356\">\n<p data-start=\"1266\" data-end=\"1356\"><strong data-start=\"1266\" data-end=\"1305\">Naprawy wszystkich marek i pojazd\u00f3w<\/strong> \u2013 osobowe, busy, ci\u0119\u017carowe, autobusy i autokary.<\/p>\n<\/li>\n<li data-start=\"1357\" data-end=\"1473\">\n<p data-start=\"1359\" data-end=\"1473\"><strong data-start=\"1359\" data-end=\"1406\">Rozliczenia bezgot\u00f3wkowe z ubezpieczycielem<\/strong> \u2013 wsp\u00f3\u0142pracujemy z najwi\u0119kszymi towarzystwami ubezpieczeniowymi.<\/p>\n<\/li>\n<li data-start=\"1568\" data-end=\"1653\">\n<p data-start=\"1570\" data-end=\"1653\"><strong data-start=\"1570\" data-end=\"1595\">Dok\u0142adno\u015b\u0107 i precyzja<\/strong> \u2013 naprawy wykonywane zgodnie z technologi\u0105 producent\u00f3w.<\/p>\n<\/li>\n<li data-start=\"1654\" data-end=\"1718\">\n<p data-start=\"1656\" data-end=\"1718\"><strong data-start=\"1656\" data-end=\"1677\">Gwarancja jako\u015bci<\/strong> \u2013 na ka\u017cd\u0105 wykonan\u0105 us\u0142ug\u0119 blacharsk\u0105.<\/p>\n<\/li>\n<\/ul>\n\n            <\/div>\n                                    <div class=\"image-with-text__extra-links\">\n                                                                <\/div>\n        \n    <\/div>\n\n<\/div>\n\n\n<div class=\"wp-block-wanicki-image-with-text image-with-text \">\n\n    <div class=\"image-with-text__image\">\n                    <div class=\"image-with-text__image-photo\"\n                 style=\"background-image: url(https:\/\/wanicki.pl\/naprawiamywszystko\/wp-content\/uploads\/sites\/21\/2025\/10\/Przechwytywanievsavzscv.png)\"><\/div>\n            <\/div>\n\n    <div class=\"image-with-text__info  \">\n                    <div class=\"image-with-text__info-title-wrapper\">\n                <h2 class=\"image-with-text__info-title\">naprawy blacharskie wszystkich pojazd\u00f3w<\/h2>\n                                    <\/div>\n                            <div class=\"image-with-text__info-text\">\n                <p data-start=\"300\" data-end=\"589\">Nasza <strong data-start=\"306\" data-end=\"332\">blacharnia samochodowa<\/strong> specjalizuje si\u0119 w kompleksowych <strong data-start=\"366\" data-end=\"393\">naprawach powypadkowych<\/strong> pojazd\u00f3w osobowych, dostawczych, ci\u0119\u017carowych oraz autobus\u00f3w. Dzi\u0119ki wieloletniemu do\u015bwiadczeniu i nowoczesnemu zapleczu technicznemu przywracamy pojazdom pe\u0142n\u0105 sprawno\u015b\u0107 i wygl\u0105d sprzed szkody.<\/p>\n<p data-start=\"591\" data-end=\"838\">Wykonujemy zar\u00f3wno <strong data-start=\"610\" data-end=\"640\">drobne naprawy blacharskie<\/strong> (wgniecenia, szkody parkingowe, uszkodzenia prog\u00f3w i b\u0142otnik\u00f3w), jak i <strong data-start=\"712\" data-end=\"743\">powa\u017cne prace konstrukcyjne<\/strong>, takie jak <strong data-start=\"755\" data-end=\"806\">prostowanie ram samochod\u00f3w ci\u0119\u017carowych i naczep<\/strong> czy <strong data-start=\"811\" data-end=\"835\">naprawy kabin<\/strong><\/p>\n\n            <\/div>\n                                    <div class=\"image-with-text__extra-links\">\n                                                                <\/div>\n        \n    <\/div>\n\n<\/div>\n","protected":false},"excerpt":{"rendered":"","protected":false},"author":4,"featured_media":0,"parent":0,"menu_order":0,"comment_status":"closed","ping_status":"closed","template":"","meta":{"_acf_changed":false,"_seopress_robots_primary_cat":"","_seopress_titles_title":"","_seopress_titles_desc":"Naprawy pojazd\u00f3w ci\u0119\u017carowych i osob\u00f3wek, bus\u00f3w, mikrobus\u00f3w, autobus\u00f3w i autokar\u00f3w wszystkich marek,","_seopress_robots_index":"","inline_featured_image":false,"footnotes":""},"class_list":["post-38","page","type-page","status-publish","hentry"],"acf":[],"_links":{"self":[{"href":"https:\/\/wanicki.pl\/naprawiamywszystko\/wp-json\/wp\/v2\/pages\/38","targetHints":{"allow":["GET"]}}],"collection":[{"href":"https:\/\/wanicki.pl\/naprawiamywszystko\/wp-json\/wp\/v2\/pages"}],"about":[{"href":"https:\/\/wanicki.pl\/naprawiamywszystko\/wp-json\/wp\/v2\/types\/page"}],"author":[{"embeddable":true,"href":"https:\/\/wanicki.pl\/naprawiamywszystko\/wp-json\/wp\/v2\/users\/4"}],"replies":[{"embeddable":true,"href":"https:\/\/wanicki.pl\/naprawiamywszystko\/wp-json\/wp\/v2\/comments?post=38"}],"version-history":[{"count":9,"href":"https:\/\/wanicki.pl\/naprawiamywszystko\/wp-json\/wp\/v2\/pages\/38\/revisions"}],"predecessor-version":[{"id":288,"href":"https:\/\/wanicki.pl\/naprawiamywszystko\/wp-json\/wp\/v2\/pages\/38\/revisions\/288"}],"wp:attachment":[{"href":"https:\/\/wanicki.pl\/naprawiamywszystko\/wp-json\/wp\/v2\/media?parent=38"}],"curies":[{"name":"wp","href":"https:\/\/api.w.org\/{rel}","templated":true}]}}