{"id":2027,"date":"2024-07-02T15:35:13","date_gmt":"2024-07-02T13:35:13","guid":{"rendered":"https:\/\/wanicki.pl\/piaggio\/?page_id=2027"},"modified":"2024-07-02T15:37:19","modified_gmt":"2024-07-02T13:37:19","slug":"polityka-prywatnosci","status":"publish","type":"page","link":"https:\/\/wanicki.pl\/piaggio\/polityka-prywatnosci\/","title":{"rendered":"Polityka prywatno\u015bci"},"content":{"rendered":"<div class=\"wp-block-wanicki-page-header page-header\">\n    <div class=\"page-header__image \"\n          style=\"background-image: url(https:\/\/wanicki.pl\/piaggio\/wp-content\/uploads\/sites\/10\/2024\/07\/P1059426-1-min-1-scaled-1.jpg)\"     ><\/div>\n\n    <div class=\"container page-header__container\">\n                    <h1 class=\"page-header__title \">POLITYKA PRYWATNO\u015aCI I REGULAMIN \u015aWIADCZENIA US\u0141UG DROG\u0104 ELEKTRONICZN\u0104<\/h1>\n                    <\/div>\n<\/div>\n","protected":false},"excerpt":{"rendered":"","protected":false},"author":1,"featured_media":0,"parent":0,"menu_order":0,"comment_status":"closed","ping_status":"closed","template":"pages-background-header","meta":{"_acf_changed":false,"_seopress_robots_primary_cat":"","_seopress_titles_title":"","_seopress_titles_desc":"","_seopress_robots_index":"","inline_featured_image":false,"footnotes":""},"class_list":["post-2027","page","type-page","status-publish","hentry"],"acf":[],"_links":{"self":[{"href":"https:\/\/wanicki.pl\/piaggio\/wp-json\/wp\/v2\/pages\/2027","targetHints":{"allow":["GET"]}}],"collection":[{"href":"https:\/\/wanicki.pl\/piaggio\/wp-json\/wp\/v2\/pages"}],"about":[{"href":"https:\/\/wanicki.pl\/piaggio\/wp-json\/wp\/v2\/types\/page"}],"author":[{"embeddable":true,"href":"https:\/\/wanicki.pl\/piaggio\/wp-json\/wp\/v2\/users\/1"}],"replies":[{"embeddable":true,"href":"https:\/\/wanicki.pl\/piaggio\/wp-json\/wp\/v2\/comments?post=2027"}],"version-history":[{"count":3,"href":"https:\/\/wanicki.pl\/piaggio\/wp-json\/wp\/v2\/pages\/2027\/revisions"}],"predecessor-version":[{"id":2033,"href":"https:\/\/wanicki.pl\/piaggio\/wp-json\/wp\/v2\/pages\/2027\/revisions\/2033"}],"wp:attachment":[{"href":"https:\/\/wanicki.pl\/piaggio\/wp-json\/wp\/v2\/media?parent=2027"}],"curies":[{"name":"wp","href":"https:\/\/api.w.org\/{rel}","templated":true}]}}