{"id":1915,"date":"2024-07-01T14:34:19","date_gmt":"2024-07-01T12:34:19","guid":{"rendered":"https:\/\/wanicki.pl\/tatra\/?post_type=offer&#038;p=1915"},"modified":"2024-12-15T06:00:14","modified_gmt":"2024-12-15T05:00:14","slug":"dla-branzy","status":"publish","type":"offer","link":"https:\/\/wanicki.pl\/tatra\/oferta\/pojazdy\/dla-branzy\/","title":{"rendered":"Dla bran\u017cy"},"content":{"rendered":"<div class=\"wp-block-wanicki-sub-categories-blocks sub-categories-blocks\">\n                        <div class=\"sub-category-info  sub-category-info--reversed \">\n    <div class=\"sub-category-info__image\">\n        <div class=\"sub-category-info__image-photo\"  style=\"background-image: url(https:\/\/wanicki.pl\/tatra\/wp-content\/uploads\/sites\/4\/2024\/07\/tatra-phoenix-6x6_agrotruck_02.jpg)\" ><\/div>\n    <\/div>\n    <div class=\"sub-category-info__content  sub-category-info__content--reversed  \">\n                    <h2 class=\"sub-category-info__title\">\n                Rolnictwo\n            <\/h2>\n                            <div class=\"sub-category-info__text\">\n                <p>Odkryj doskona\u0142o\u015b\u0107 w rolnictwie z Tatr\u0105!<br \/>\nTatra to niezawodny partner dla rolnik\u00f3w, oferuj\u0105cy pojazdy, kt\u00f3re perfekcyjnie sprawdzaj\u0105 si\u0119 w ka\u017cdych warunkach pracy.<\/p>\n\n            <\/div>\n                \n                    <a href=\"https:\/\/wanicki.pl\/tatra\/oferta\/pojazdy\/dla-branzy\/rolnictwo\/\" class=\"btn btn--primary sub-category-info__button\">Czytaj wi\u0119cej<\/a>\n        \n                            \n    <\/div>\n<\/div>\n                    <div class=\"sub-category-info \">\n    <div class=\"sub-category-info__image\">\n        <div class=\"sub-category-info__image-photo\"  style=\"background-image: url(https:\/\/wanicki.pl\/tatra\/wp-content\/uploads\/sites\/4\/2024\/07\/tatra-phoenix-euro6_4x4_trailer.jpg)\" ><\/div>\n    <\/div>\n    <div class=\"sub-category-info__content   sub-category-info__content--white \">\n                    <h2 class=\"sub-category-info__title\">\n                Przemys\u0142 budowlany\n            <\/h2>\n                            <div class=\"sub-category-info__text\">\n                <p>Rozpocznij rewolucj\u0119 w przemy\u015ble budowlanym dzi\u0119ki pojazdom do zada\u0144 specjalnych Tatra!<\/p>\n\n            <\/div>\n                \n                    <a href=\"https:\/\/wanicki.pl\/tatra\/oferta\/pojazdy\/dla-branzy\/przemysl-budowlany\/\" class=\"btn btn--primary sub-category-info__button\">Czytaj wi\u0119cej<\/a>\n        \n                            \n    <\/div>\n<\/div>\n                    <div class=\"sub-category-info  sub-category-info--reversed \">\n    <div class=\"sub-category-info__image\">\n        <div class=\"sub-category-info__image-photo\"  style=\"background-image: url(https:\/\/wanicki.pl\/tatra\/wp-content\/uploads\/sites\/4\/2024\/07\/TATRA_PHOENIX_Euro_6-8x8_tipper_maga-scaled-e1720093102914.jpg)\" ><\/div>\n    <\/div>\n    <div class=\"sub-category-info__content  sub-category-info__content--reversed  \">\n                    <h2 class=\"sub-category-info__title\">\n                G\u00f3rnictwo\n            <\/h2>\n                            <div class=\"sub-category-info__text\">\n                <p>Tatra to do\u015bwiadczony producent pojazd\u00f3w, kt\u00f3ry od ponad 75 lat dostarcza niezawodne rozwi\u0105zania dla bran\u017cy g\u00f3rniczej. Nasze pojazdy sprawdzaj\u0105 si\u0119 w najtrudniejszych warunkach, zapewniaj\u0105c maksymaln\u0105 wydajno\u015b\u0107 i bezpiecze\u0144stwo.<\/p>\n\n            <\/div>\n                \n                    <a href=\"https:\/\/wanicki.pl\/tatra\/oferta\/pojazdy\/dla-branzy\/gornictwo\/\" class=\"btn btn--primary sub-category-info__button\">Czytaj wi\u0119cej<\/a>\n        \n                            \n    <\/div>\n<\/div>\n                    <div class=\"sub-category-info \">\n    <div class=\"sub-category-info__image\">\n        <div class=\"sub-category-info__image-photo\"  style=\"background-image: url(https:\/\/wanicki.pl\/tatra\/wp-content\/uploads\/sites\/4\/2024\/07\/TATRA-PHOENIX-Euro6_6x6_forestry_semi-trailer_01-1-scaled.jpg)\" ><\/div>\n    <\/div>\n    <div class=\"sub-category-info__content   sub-category-info__content--white \">\n                    <h2 class=\"sub-category-info__title\">\n                Le\u015bnictwo\n            <\/h2>\n                            <div class=\"sub-category-info__text\">\n                <p>Tatra to nieod\u0142\u0105czny sojusznik w sercu lasu! Dostarcza niezawodne rozwi\u0105zania w wymagaj\u0105cym \u015bwiecie le\u015bnictwa. Nasze pojazdy, niczym pot\u0119\u017cne drzewa, wyrastaj\u0105 ponad wyzwania, zapewniaj\u0105c maksymaln\u0105 wydajno\u015b\u0107, bezpiecze\u0144stwo i komfort pracy w ka\u017cdych warunkach.<\/p>\n\n            <\/div>\n                \n                    <a href=\"https:\/\/wanicki.pl\/tatra\/oferta\/pojazdy\/dla-branzy\/lesnictwo\/\" class=\"btn btn--primary sub-category-info__button\">Czytaj wi\u0119cej<\/a>\n        \n                            \n    <\/div>\n<\/div>\n                    <div class=\"sub-category-info  sub-category-info--reversed \">\n    <div class=\"sub-category-info__image\">\n        <div class=\"sub-category-info__image-photo\"  style=\"background-image: url(https:\/\/wanicki.pl\/tatra\/wp-content\/uploads\/sites\/4\/2024\/07\/TATRA-PHOENIX-6x6_05-scaled.jpg)\" ><\/div>\n    <\/div>\n    <div class=\"sub-category-info__content  sub-category-info__content--reversed  \">\n                    <h2 class=\"sub-category-info__title\">\n                Olej i gaz\n            <\/h2>\n                            <div class=\"sub-category-info__text\">\n                <p>Szukasz sprawdzonego rozwi\u0105zania dla transportu w wymagaj\u0105cych warunkach bran\u017cy olejowej i gazowej? Postaw na Tatr\u0119!<\/p>\n\n            <\/div>\n                \n                    <a href=\"https:\/\/wanicki.pl\/tatra\/oferta\/pojazdy\/dla-branzy\/olej-i-gaz\/\" class=\"btn btn--primary sub-category-info__button\">Czytaj wi\u0119cej<\/a>\n        \n                            \n    <\/div>\n<\/div>\n                    <div class=\"sub-category-info \">\n    <div class=\"sub-category-info__image\">\n        <div class=\"sub-category-info__image-photo\"  style=\"background-image: url(https:\/\/wanicki.pl\/tatra\/wp-content\/uploads\/sites\/4\/2024\/07\/CAS30-1-scaled.jpg)\" ><\/div>\n    <\/div>\n    <div class=\"sub-category-info__content   sub-category-info__content--white \">\n                    <h2 class=\"sub-category-info__title\">\n                Stra\u017c po\u017carna\n            <\/h2>\n                            <div class=\"sub-category-info__text\">\n                <p>Tatra wspiera stra\u017cak\u00f3w, dostarczaj\u0105c im niezawodne narz\u0119dzia i rozwi\u0105zania w walce z \u017cywio\u0142em ognia. Nasze pojazdy, niczym odwa\u017cni stra\u017cacy, szturmuj\u0105 przeciwno\u015bci, zapewniaj\u0105c maksymaln\u0105 mobilno\u015b\u0107, bezpiecze\u0144stwo i skuteczno\u015b\u0107 dzia\u0142a\u0144 ratunkowych.<\/p>\n\n            <\/div>\n                \n                    <a href=\"https:\/\/wanicki.pl\/tatra\/oferta\/pojazdy\/dla-branzy\/straz-pozarna\/\" class=\"btn btn--primary sub-category-info__button\">Czytaj wi\u0119cej<\/a>\n        \n                            \n    <\/div>\n<\/div>\n                    <div class=\"sub-category-info  sub-category-info--reversed \">\n    <div class=\"sub-category-info__image\">\n        <div class=\"sub-category-info__image-photo\"  style=\"background-image: url(https:\/\/wanicki.pl\/tatra\/wp-content\/uploads\/sites\/4\/2024\/07\/T815-790R39_6x6_load_handling_02-scaled.jpg)\" ><\/div>\n    <\/div>\n    <div class=\"sub-category-info__content  sub-category-info__content--reversed  \">\n                    <h2 class=\"sub-category-info__title\">\n                Armia\n            <\/h2>\n                            <div class=\"sub-category-info__text\">\n                <p>Tatra to niezawodny sojusznik na polu bitwy! Od lat Tatra dostarcza armii niezawodne narz\u0119dzia. Pojazdy te gwarantuj\u0105 mobilno\u015b\u0107, bezpiecze\u0144stwo i skuteczno\u015b\u0107 w ka\u017cdych warunkach.<\/p>\n\n            <\/div>\n                \n                    <a href=\"https:\/\/wanicki.pl\/tatra\/oferta\/pojazdy\/dla-branzy\/armia\/\" class=\"btn btn--primary sub-category-info__button\">Czytaj wi\u0119cej<\/a>\n        \n                            \n    <\/div>\n<\/div>\n            <\/div>\n","protected":false},"author":1,"featured_media":1806,"parent":1913,"menu_order":2,"template":"offer-sub-category","class_list":["post-1915","offer","type-offer","status-publish","has-post-thumbnail","hentry"],"acf":[],"_links":{"self":[{"href":"https:\/\/wanicki.pl\/tatra\/wp-json\/wp\/v2\/offer\/1915","targetHints":{"allow":["GET"]}}],"collection":[{"href":"https:\/\/wanicki.pl\/tatra\/wp-json\/wp\/v2\/offer"}],"about":[{"href":"https:\/\/wanicki.pl\/tatra\/wp-json\/wp\/v2\/types\/offer"}],"author":[{"embeddable":true,"href":"https:\/\/wanicki.pl\/tatra\/wp-json\/wp\/v2\/users\/1"}],"up":[{"embeddable":true,"href":"https:\/\/wanicki.pl\/tatra\/wp-json\/wp\/v2\/offer\/1913"}],"wp:featuredmedia":[{"embeddable":true,"href":"https:\/\/wanicki.pl\/tatra\/wp-json\/wp\/v2\/media\/1806"}],"wp:attachment":[{"href":"https:\/\/wanicki.pl\/tatra\/wp-json\/wp\/v2\/media?parent=1915"}],"curies":[{"name":"wp","href":"https:\/\/api.w.org\/{rel}","templated":true}]}}

Dla branży

<div class="wp-block-wanicki-sub-categories-blocks sub-categories-blocks">
                        <div class="sub-category-info  sub-category-info--reversed ">
    <div class="sub-category-info__image">
        <div class="sub-category-info__image-photo"  style="background-image: url(https://wanicki.pl/tatra/wp-content/uploads/sites/4/2024/07/tatra-phoenix-6x6_agrotruck_02.jpg)" ></div>
    </div>
    <div class="sub-category-info__content  sub-category-info__content--reversed  ">
                    <h2 class="sub-category-info__title">
                Rolnictwo
            </h2>
                            <div class="sub-category-info__text">
                <p>Odkryj doskonałość w rolnictwie z Tatrą!<br />
Tatra to niezawodny partner dla rolników, oferujący pojazdy, które perfekcyjnie sprawdzają się w każdych warunkach pracy.</p>

            </div>
                
                    <a href="https://wanicki.pl/tatra/oferta/pojazdy/dla-branzy/rolnictwo/" class="btn btn--primary sub-category-info__button">Czytaj więcej</a>
        
                            
    </div>
</div>
                    <div class="sub-category-info ">
    <div class="sub-category-info__image">
        <div class="sub-category-info__image-photo"  style="background-image: url(https://wanicki.pl/tatra/wp-content/uploads/sites/4/2024/07/tatra-phoenix-euro6_4x4_trailer.jpg)" ></div>
    </div>
    <div class="sub-category-info__content   sub-category-info__content--white ">
                    <h2 class="sub-category-info__title">
                Przemysł budowlany
            </h2>
                            <div class="sub-category-info__text">
                <p>Rozpocznij rewolucję w przemyśle budowlanym dzięki pojazdom do zadań specjalnych Tatra!</p>

            </div>
                
                    <a href="https://wanicki.pl/tatra/oferta/pojazdy/dla-branzy/przemysl-budowlany/" class="btn btn--primary sub-category-info__button">Czytaj więcej</a>
        
                            
    </div>
</div>
                    <div class="sub-category-info  sub-category-info--reversed ">
    <div class="sub-category-info__image">
        <div class="sub-category-info__image-photo"  style="background-image: url(https://wanicki.pl/tatra/wp-content/uploads/sites/4/2024/07/TATRA_PHOENIX_Euro_6-8x8_tipper_maga-scaled-e1720093102914.jpg)" ></div>
    </div>
    <div class="sub-category-info__content  sub-category-info__content--reversed  ">
                    <h2 class="sub-category-info__title">
                Górnictwo
            </h2>
                            <div class="sub-category-info__text">
                <p>Tatra to doświadczony producent pojazdów, który od ponad 75 lat dostarcza niezawodne rozwiązania dla branży górniczej. Nasze pojazdy sprawdzają się w najtrudniejszych warunkach, zapewniając maksymalną wydajność i bezpieczeństwo.</p>

            </div>
                
                    <a href="https://wanicki.pl/tatra/oferta/pojazdy/dla-branzy/gornictwo/" class="btn btn--primary sub-category-info__button">Czytaj więcej</a>
        
                            
    </div>
</div>
                    <div class="sub-category-info ">
    <div class="sub-category-info__image">
        <div class="sub-category-info__image-photo"  style="background-image: url(https://wanicki.pl/tatra/wp-content/uploads/sites/4/2024/07/TATRA-PHOENIX-Euro6_6x6_forestry_semi-trailer_01-1-scaled.jpg)" ></div>
    </div>
    <div class="sub-category-info__content   sub-category-info__content--white ">
                    <h2 class="sub-category-info__title">
                Leśnictwo
            </h2>
                            <div class="sub-category-info__text">
                <p>Tatra to nieodłączny sojusznik w sercu lasu! Dostarcza niezawodne rozwiązania w wymagającym świecie leśnictwa. Nasze pojazdy, niczym potężne drzewa, wyrastają ponad wyzwania, zapewniając maksymalną wydajność, bezpieczeństwo i komfort pracy w każdych warunkach.</p>

            </div>
                
                    <a href="https://wanicki.pl/tatra/oferta/pojazdy/dla-branzy/lesnictwo/" class="btn btn--primary sub-category-info__button">Czytaj więcej</a>
        
                            
    </div>
</div>
                    <div class="sub-category-info  sub-category-info--reversed ">
    <div class="sub-category-info__image">
        <div class="sub-category-info__image-photo"  style="background-image: url(https://wanicki.pl/tatra/wp-content/uploads/sites/4/2024/07/TATRA-PHOENIX-6x6_05-scaled.jpg)" ></div>
    </div>
    <div class="sub-category-info__content  sub-category-info__content--reversed  ">
                    <h2 class="sub-category-info__title">
                Olej i gaz
            </h2>
                            <div class="sub-category-info__text">
                <p>Szukasz sprawdzonego rozwiązania dla transportu w wymagających warunkach branży olejowej i gazowej? Postaw na Tatrę!</p>

            </div>
                
                    <a href="https://wanicki.pl/tatra/oferta/pojazdy/dla-branzy/olej-i-gaz/" class="btn btn--primary sub-category-info__button">Czytaj więcej</a>
        
                            
    </div>
</div>
                    <div class="sub-category-info ">
    <div class="sub-category-info__image">
        <div class="sub-category-info__image-photo"  style="background-image: url(https://wanicki.pl/tatra/wp-content/uploads/sites/4/2024/07/CAS30-1-scaled.jpg)" ></div>
    </div>
    <div class="sub-category-info__content   sub-category-info__content--white ">
                    <h2 class="sub-category-info__title">
                Straż pożarna
            </h2>
                            <div class="sub-category-info__text">
                <p>Tatra wspiera strażaków, dostarczając im niezawodne narzędzia i rozwiązania w walce z żywiołem ognia. Nasze pojazdy, niczym odważni strażacy, szturmują przeciwności, zapewniając maksymalną mobilność, bezpieczeństwo i skuteczność działań ratunkowych.</p>

            </div>
                
                    <a href="https://wanicki.pl/tatra/oferta/pojazdy/dla-branzy/straz-pozarna/" class="btn btn--primary sub-category-info__button">Czytaj więcej</a>
        
                            
    </div>
</div>
                    <div class="sub-category-info  sub-category-info--reversed ">
    <div class="sub-category-info__image">
        <div class="sub-category-info__image-photo"  style="background-image: url(https://wanicki.pl/tatra/wp-content/uploads/sites/4/2024/07/T815-790R39_6x6_load_handling_02-scaled.jpg)" ></div>
    </div>
    <div class="sub-category-info__content  sub-category-info__content--reversed  ">
                    <h2 class="sub-category-info__title">
                Armia
            </h2>
                            <div class="sub-category-info__text">
                <p>Tatra to niezawodny sojusznik na polu bitwy! Od lat Tatra dostarcza armii niezawodne narzędzia. Pojazdy te gwarantują mobilność, bezpieczeństwo i skuteczność w każdych warunkach.</p>

            </div>
                
                    <a href="https://wanicki.pl/tatra/oferta/pojazdy/dla-branzy/armia/" class="btn btn--primary sub-category-info__button">Czytaj więcej</a>
        
                            
    </div>
</div>
            </div>
