{"id":1924,"date":"2024-07-01T15:03:37","date_gmt":"2024-07-01T13:03:37","guid":{"rendered":"https:\/\/wanicki.pl\/tatra\/?post_type=offer&#038;p=1924"},"modified":"2024-12-15T06:05:52","modified_gmt":"2024-12-15T05:05:52","slug":"straz-pozarna","status":"publish","type":"offer","link":"https:\/\/wanicki.pl\/tatra\/oferta\/pojazdy\/dla-branzy\/straz-pozarna\/","title":{"rendered":"Stra\u017c po\u017carna"},"content":{"rendered":"<div class=\"wp-block-wanicki-image-with-text image-with-text  image-with-text--reversed \">\n\n    <div class=\"image-with-text__image\">\n                    <div class=\"image-with-text__image-photo\"\n                 style=\"background-image: url(https:\/\/wanicki.pl\/tatra\/wp-content\/uploads\/sites\/4\/2024\/07\/TATRA_T815_721R52_firefighting_01-scaled.jpg)\"><\/div>\n            <\/div>\n\n    <div class=\"image-with-text__info  image-with-text__info--reversed  \">\n                    <div class=\"image-with-text__info-title-wrapper\">\n                <h2 class=\"image-with-text__info-title image-with-text__info-title--big\">TATRA &#8211; Si\u0142a w ogniu walki<\/h2>\n                                    <\/div>\n                            <div class=\"image-with-text__info-text\">\n                <p><strong>Ratownictwo to walka z czasem. Wymaga ono niezawodnego sprz\u0119tu, kt\u00f3ry sprosta ekstremalnym wyzwaniom.<\/strong> Tatra, legendarna marka pojazd\u00f3w terenowych, oferuje stra\u017cy po\u017carnej rozwi\u0105zania skrojone na miar\u0119 ich bohaterskich zada\u0144.<\/p>\n<p>Dzi\u0119ki solidnej konstrukcji i zaawansowanym rozwi\u0105zaniom technologicznym, pojazd Tatra gwarantuje nie tylko niezawodno\u015b\u0107 w trudnych warunkach terenowych, ale tak\u017ce doskona\u0142\u0105 mobilno\u015b\u0107 i wszechstronno\u015b\u0107 dzia\u0142ania.<\/p>\n\n            <\/div>\n                        \n    <\/div>\n\n<\/div>\n\n\n<div class=\"wp-block-wanicki-image-with-text image-with-text \">\n\n    <div class=\"image-with-text__image\">\n                    <div class=\"image-with-text__image-photo\"\n                 style=\"background-image: url(https:\/\/wanicki.pl\/tatra\/wp-content\/uploads\/sites\/4\/2024\/07\/TATRA_815-7M3R51-29ZA-scaled-e1720181567930.jpg)\"><\/div>\n            <\/div>\n\n    <div class=\"image-with-text__info   image-with-text__info--white \">\n                    <div class=\"image-with-text__info-title-wrapper\">\n                <h2 class=\"image-with-text__info-title image-with-text__info-title--big\">Niestandardowe nadbud\u00f3wki<\/h2>\n                                    <\/div>\n                            <div class=\"image-with-text__info-text\">\n                <p><strong>Szukasz rozwi\u0105zania, kt\u00f3re idealnie dopasuje si\u0119 do specyficznych potrzeb Twojej jednostki stra\u017cackiej?<\/strong> Wychodzimy naprzeciw Twoim oczekiwaniom, oferuj\u0105c niestandardowe nadbud\u00f3wki.<\/p>\n<p>Nasze do\u015bwiadczenie i zaawansowane technologie pozwalaj\u0105 nam na stworzenie nadbud\u00f3wki, kt\u00f3ra spe\u0142ni wszystkie Twoje wymagania:<\/p>\n<ul>\n<li><strong>Funkcjonalno\u015b\u0107:<\/strong> Dopasujemy uk\u0142ad i wyposa\u017cenie nadbud\u00f3wki do specyfiki Twoich zada\u0144 ratowniczo-ga\u015bniczych.<\/li>\n<li><strong>Wydajno\u015b\u0107:<\/strong> Zastosujemy rozwi\u0105zania optymalizuj\u0105ce wykorzystanie przestrzeni i zapewniaj\u0105ce \u0142atwy dost\u0119p do sprz\u0119tu.<\/li>\n<li><strong>Bezpiecze\u0144stwo:<\/strong> Zapewniamy najnowocze\u015bniejsze systemy bezpiecze\u0144stwa i ochrony ratownik\u00f3w.<\/li>\n<li><strong>Komfort:<\/strong> Stworzymy komfortowe warunki pracy dla stra\u017cak\u00f3w podczas akcji ratunkowych.<\/li>\n<\/ul>\n\n            <\/div>\n                        \n    <\/div>\n\n<\/div>\n\n\n<div class=\"wp-block-wanicki-image-with-text image-with-text  image-with-text--reversed \">\n\n    <div class=\"image-with-text__image\">\n                    <div class=\"image-with-text__image-photo\"\n                 style=\"background-image: url(https:\/\/wanicki.pl\/tatra\/wp-content\/uploads\/sites\/4\/2024\/07\/TATRA_T815_731R32_6x6_firefighting_01-scaled.jpg)\"><\/div>\n            <\/div>\n\n    <div class=\"image-with-text__info  image-with-text__info--reversed   image-with-text__info--white \">\n                    <div class=\"image-with-text__info-title-wrapper\">\n                <h2 class=\"image-with-text__info-title image-with-text__info-title--big\">Unikalne podwozie TATRY<\/h2>\n                                    <\/div>\n                            <div class=\"image-with-text__info-text\">\n                <p><strong>Si\u0142\u0105 ka\u017cdego pojazdu Tatra jest jego legendarne podwozie o unikalnej konstrukcji. To w\u0142a\u015bnie ono stanowi fundament niezr\u00f3wnanej mobilno\u015bci i wszechstronno\u015bci, z kt\u00f3rych s\u0142ynie marka od ponad 75 lat<\/strong>.<\/p>\n<p>Podwozie Tatry to nie tylko technologia, to legenda. Legenda zakorzeniona w najtrudniejszych warunkach terenowych, gdzie niezawodno\u015b\u0107, wytrzyma\u0142o\u015b\u0107 i bezpiecze\u0144stwo s\u0105 warto\u015bci\u0105 bezwzgl\u0119dn\u0105.<\/p>\n\n            <\/div>\n                        \n    <\/div>\n\n<\/div>\n\n\n<div class=\"wp-block-wanicki-image-with-text image-with-text \">\n\n    <div class=\"image-with-text__image\">\n                    <div class=\"image-with-text__image-photo\"\n                 style=\"background-image: url(https:\/\/wanicki.pl\/tatra\/wp-content\/uploads\/sites\/4\/2024\/07\/TATRA_FORCE_4x4-firefighting_vehicle-scaled.jpg)\"><\/div>\n            <\/div>\n\n    <div class=\"image-with-text__info  \">\n                    <div class=\"image-with-text__info-title-wrapper\">\n                <h2 class=\"image-with-text__info-title image-with-text__info-title--big\">Praktyczna u\u017cyteczno\u015b\u0107<\/h2>\n                                    <\/div>\n                            <div class=\"image-with-text__info-text\">\n                <p>Dost\u0119p do wszystkich miejsc magazynowych mo\u017cna uzyska\u0107 bezpo\u015brednio z poziomu gruntu, bez podest\u00f3w dost\u0119powych.<\/p>\n\n            <\/div>\n                        \n    <\/div>\n\n<\/div>\n\n\n<div class=\"wp-block-wanicki-image-with-text image-with-text  image-with-text--reversed \">\n\n    <div class=\"image-with-text__image\">\n                    <div class=\"image-with-text__image-photo\"\n                 style=\"background-image: url(https:\/\/wanicki.pl\/tatra\/wp-content\/uploads\/sites\/4\/2024\/07\/TATRA_T815_7T5R31_6x6_firefighting_01-scaled.jpg)\"><\/div>\n            <\/div>\n\n    <div class=\"image-with-text__info  image-with-text__info--reversed   image-with-text__info--white \">\n                    <div class=\"image-with-text__info-title-wrapper\">\n                <h2 class=\"image-with-text__info-title image-with-text__info-title--big\">\u0141atwa konserwacja<\/h2>\n                                    <\/div>\n                            <div class=\"image-with-text__info-text\">\n                <p>Elementy uk\u0142adu nap\u0119dowego Tatra s\u0105 starannie zabezpieczone przed zgubnym wp\u0142ywem niekorzystnych warunk\u00f3w otoczenia. Dzi\u0119ki temu konserwacja pojazdu staje si\u0119 prostsza i mniej czasoch\u0142onna, a jego \u017cywotno\u015b\u0107 znacznie si\u0119 wyd\u0142u\u017ca.<\/p>\n\n            <\/div>\n                        \n    <\/div>\n\n<\/div>\n","protected":false},"author":1,"featured_media":2085,"parent":1915,"menu_order":8,"template":"offer-sub-category_no-series","class_list":["post-1924","offer","type-offer","status-publish","has-post-thumbnail","hentry"],"acf":[],"_links":{"self":[{"href":"https:\/\/wanicki.pl\/tatra\/wp-json\/wp\/v2\/offer\/1924","targetHints":{"allow":["GET"]}}],"collection":[{"href":"https:\/\/wanicki.pl\/tatra\/wp-json\/wp\/v2\/offer"}],"about":[{"href":"https:\/\/wanicki.pl\/tatra\/wp-json\/wp\/v2\/types\/offer"}],"author":[{"embeddable":true,"href":"https:\/\/wanicki.pl\/tatra\/wp-json\/wp\/v2\/users\/1"}],"up":[{"embeddable":true,"href":"https:\/\/wanicki.pl\/tatra\/wp-json\/wp\/v2\/offer\/1915"}],"wp:featuredmedia":[{"embeddable":true,"href":"https:\/\/wanicki.pl\/tatra\/wp-json\/wp\/v2\/media\/2085"}],"wp:attachment":[{"href":"https:\/\/wanicki.pl\/tatra\/wp-json\/wp\/v2\/media?parent=1924"}],"curies":[{"name":"wp","href":"https:\/\/api.w.org\/{rel}","templated":true}]}}

Straż pożarna

<div class="wp-block-wanicki-image-with-text image-with-text  image-with-text--reversed ">

    <div class="image-with-text__image">
                    <div class="image-with-text__image-photo"
                 style="background-image: url(https://wanicki.pl/tatra/wp-content/uploads/sites/4/2024/07/TATRA_T815_721R52_firefighting_01-scaled.jpg)"></div>
            </div>

    <div class="image-with-text__info  image-with-text__info--reversed  ">
                    <div class="image-with-text__info-title-wrapper">
                <h2 class="image-with-text__info-title image-with-text__info-title--big">TATRA &#8211; Siła w ogniu walki</h2>
                                    </div>
                            <div class="image-with-text__info-text">
                <p><strong>Ratownictwo to walka z czasem. Wymaga ono niezawodnego sprzętu, który sprosta ekstremalnym wyzwaniom.</strong> Tatra, legendarna marka pojazdów terenowych, oferuje straży pożarnej rozwiązania skrojone na miarę ich bohaterskich zadań.</p>
<p>Dzięki solidnej konstrukcji i zaawansowanym rozwiązaniom technologicznym, pojazd Tatra gwarantuje nie tylko niezawodność w trudnych warunkach terenowych, ale także doskonałą mobilność i wszechstronność działania.</p>

            </div>
                        
    </div>

</div>


<div class="wp-block-wanicki-image-with-text image-with-text ">

    <div class="image-with-text__image">
                    <div class="image-with-text__image-photo"
                 style="background-image: url(https://wanicki.pl/tatra/wp-content/uploads/sites/4/2024/07/TATRA_815-7M3R51-29ZA-scaled-e1720181567930.jpg)"></div>
            </div>

    <div class="image-with-text__info   image-with-text__info--white ">
                    <div class="image-with-text__info-title-wrapper">
                <h2 class="image-with-text__info-title image-with-text__info-title--big">Niestandardowe nadbudówki</h2>
                                    </div>
                            <div class="image-with-text__info-text">
                <p><strong>Szukasz rozwiązania, które idealnie dopasuje się do specyficznych potrzeb Twojej jednostki strażackiej?</strong> Wychodzimy naprzeciw Twoim oczekiwaniom, oferując niestandardowe nadbudówki.</p>
<p>Nasze doświadczenie i zaawansowane technologie pozwalają nam na stworzenie nadbudówki, która spełni wszystkie Twoje wymagania:</p>
<ul>
<li><strong>Funkcjonalność:</strong> Dopasujemy układ i wyposażenie nadbudówki do specyfiki Twoich zadań ratowniczo-gaśniczych.</li>
<li><strong>Wydajność:</strong> Zastosujemy rozwiązania optymalizujące wykorzystanie przestrzeni i zapewniające łatwy dostęp do sprzętu.</li>
<li><strong>Bezpieczeństwo:</strong> Zapewniamy najnowocześniejsze systemy bezpieczeństwa i ochrony ratowników.</li>
<li><strong>Komfort:</strong> Stworzymy komfortowe warunki pracy dla strażaków podczas akcji ratunkowych.</li>
</ul>

            </div>
                        
    </div>

</div>


<div class="wp-block-wanicki-image-with-text image-with-text  image-with-text--reversed ">

    <div class="image-with-text__image">
                    <div class="image-with-text__image-photo"
                 style="background-image: url(https://wanicki.pl/tatra/wp-content/uploads/sites/4/2024/07/TATRA_T815_731R32_6x6_firefighting_01-scaled.jpg)"></div>
            </div>

    <div class="image-with-text__info  image-with-text__info--reversed   image-with-text__info--white ">
                    <div class="image-with-text__info-title-wrapper">
                <h2 class="image-with-text__info-title image-with-text__info-title--big">Unikalne podwozie TATRY</h2>
                                    </div>
                            <div class="image-with-text__info-text">
                <p><strong>Siłą każdego pojazdu Tatra jest jego legendarne podwozie o unikalnej konstrukcji. To właśnie ono stanowi fundament niezrównanej mobilności i wszechstronności, z których słynie marka od ponad 75 lat</strong>.</p>
<p>Podwozie Tatry to nie tylko technologia, to legenda. Legenda zakorzeniona w najtrudniejszych warunkach terenowych, gdzie niezawodność, wytrzymałość i bezpieczeństwo są wartością bezwzględną.</p>

            </div>
                        
    </div>

</div>


<div class="wp-block-wanicki-image-with-text image-with-text ">

    <div class="image-with-text__image">
                    <div class="image-with-text__image-photo"
                 style="background-image: url(https://wanicki.pl/tatra/wp-content/uploads/sites/4/2024/07/TATRA_FORCE_4x4-firefighting_vehicle-scaled.jpg)"></div>
            </div>

    <div class="image-with-text__info  ">
                    <div class="image-with-text__info-title-wrapper">
                <h2 class="image-with-text__info-title image-with-text__info-title--big">Praktyczna użyteczność</h2>
                                    </div>
                            <div class="image-with-text__info-text">
                <p>Dostęp do wszystkich miejsc magazynowych można uzyskać bezpośrednio z poziomu gruntu, bez podestów dostępowych.</p>

            </div>
                        
    </div>

</div>


<div class="wp-block-wanicki-image-with-text image-with-text  image-with-text--reversed ">

    <div class="image-with-text__image">
                    <div class="image-with-text__image-photo"
                 style="background-image: url(https://wanicki.pl/tatra/wp-content/uploads/sites/4/2024/07/TATRA_T815_7T5R31_6x6_firefighting_01-scaled.jpg)"></div>
            </div>

    <div class="image-with-text__info  image-with-text__info--reversed   image-with-text__info--white ">
                    <div class="image-with-text__info-title-wrapper">
                <h2 class="image-with-text__info-title image-with-text__info-title--big">Łatwa konserwacja</h2>
                                    </div>
                            <div class="image-with-text__info-text">
                <p>Elementy układu napędowego Tatra są starannie zabezpieczone przed zgubnym wpływem niekorzystnych warunków otoczenia. Dzięki temu konserwacja pojazdu staje się prostsza i mniej czasochłonna, a jego żywotność znacznie się wydłuża.</p>

            </div>
                        
    </div>

</div>
